-- http://www.phpmyadmin.net
-- 
-- Хост: localhost
-- Време на генериране:  юни 2006 в 14:15
-- Версия на сървъра: 5.0.21
-- Версия на PHP: 5.1.4
-- 
-- БД: `shop`
-- 

-- --------------------------------------------------------

-- 
-- Структура на таблица `address_book`
-- 

CREATE TABLE `address_book` (
  `address_book_id` int(11) NOT NULL auto_increment,
  `customers_id` int(11) NOT NULL,
  `entry_gender` char(1) collate latin1_general_ci NOT NULL,
  `entry_company` varchar(32) collate latin1_general_ci default NULL,
  `entry_firstname` varchar(32) collate latin1_general_ci NOT NULL,
  `entry_lastname` varchar(32) collate latin1_general_ci NOT NULL,
  `entry_street_address` varchar(64) collate latin1_general_ci NOT NULL,
  `entry_suburb` varchar(32) collate latin1_general_ci default NULL,
  `entry_postcode` varchar(10) collate latin1_general_ci NOT NULL,
  `entry_city` varchar(32) collate latin1_general_ci NOT NULL,
  `entry_state` varchar(32) collate latin1_general_ci default NULL,
  `entry_country_id` int(11) NOT NULL default '0',
  `entry_zone_id` int(11) NOT NULL default '0',
  PRIMARY KEY  (`address_book_id`),
  KEY `idx_address_book_customers_id` (`customers_id`)
) ENGINE=MyISAM DEFAULT CHARSET=latin1 COLLATE=latin1_general_ci AUTO_INCREMENT=6 ;

-- 
-- Дъмп (схема) на данните в таблицата `address_book`
-- 

INSERT INTO `address_book` (`address_book_id`, `customers_id`, `entry_gender`, `entry_company`, `entry_firstname`, `entry_lastname`, `entry_street_address`, `entry_suburb`, `entry_postcode`, `entry_city`, `entry_state`, `entry_country_id`, `entry_zone_id`) VALUES (1, 1, 'm', 'ACME Inc.', 'John', 'Doe', '1 Way Street', '', '12345', 'NeverNever', '', 223, 12),
(2, 2, 'f', '', 'Poli', 'Gospodinova', 'Frankfzrterstr.5', '', '97082', 'Würzburg', '', 81, 81),
(3, 3, 'm', 'sad', 'sac', 'sad', '123213', 'asd', '21322', 'sadsadsa', '', 81, 81),
(4, 3, 'm', '', 'ssad', 'asdsa', 'sadsad', '', '12312', 'sadas', '', 81, 81),
(5, 3, 'f', '', 'aaa', 'aaaa', 'aaaaa 1', '', '12345', 'abc', '', 81, 81);

-- --------------------------------------------------------

-- 
-- Структура на таблица `address_format`
-- 

CREATE TABLE `address_format` (
  `address_format_id` int(11) NOT NULL auto_increment,
  `address_format` varchar(128) collate latin1_general_ci NOT NULL,
  `address_summary` varchar(48) collate latin1_general_ci NOT NULL,
  PRIMARY KEY  (`address_format_id`)
) ENGINE=MyISAM DEFAULT CHARSET=latin1 COLLATE=latin1_general_ci AUTO_INCREMENT=6 ;

-- 
-- Дъмп (схема) на данните в таблицата `address_format`
-- 

INSERT INTO `address_format` (`address_format_id`, `address_format`, `address_summary`) VALUES (1, '$firstname $lastname$cr$streets$cr$city, $postcode$cr$statecomma$country', '$city / $country'),
(2, '$firstname $lastname$cr$streets$cr$city, $state    $postcode$cr$country', '$city, $state / $country'),
(3, '$firstname $lastname$cr$streets$cr$city$cr$postcode - $statecomma$country', '$state / $country'),
(4, '$firstname $lastname$cr$streets$cr$city ($postcode)$cr$country', '$postcode / $country'),
(5, '$firstname $lastname$cr$streets$cr$postcode $city$cr$country', '$city / $country');

-- --------------------------------------------------------

-- 
-- Структура на таблица `banners`
-- 

CREATE TABLE `banners` (
  `banners_id` int(11) NOT NULL auto_increment,
  `banners_title` varchar(64) collate latin1_general_ci NOT NULL,
  `banners_url` varchar(255) collate latin1_general_ci NOT NULL,
  `banners_image` varchar(64) collate latin1_general_ci NOT NULL,
  `banners_group` varchar(10) collate latin1_general_ci NOT NULL,
  `banners_html_text` text collate latin1_general_ci,
  `expires_impressions` int(7) default '0',
  `expires_date` datetime default NULL,
  `date_scheduled` datetime default NULL,
  `date_added` datetime NOT NULL,
  `date_status_change` datetime default NULL,
  `status` int(1) NOT NULL default '1',
  PRIMARY KEY  (`banners_id`)
) ENGINE=MyISAM DEFAULT CHARSET=latin1 COLLATE=latin1_general_ci AUTO_INCREMENT=2 ;

-- 
-- Дъмп (схема) на данните в таблицата `banners`
-- 

INSERT INTO `banners` (`banners_id`, `banners_title`, `banners_url`, `banners_image`, `banners_group`, `banners_html_text`, `expires_impressions`, `expires_date`, `date_scheduled`, `date_added`, `date_status_change`, `status`) VALUES (1, 'osCommerce', 'http://www.oscommerce.com', 'banners/oscommerce.gif', '468x50', '', 0, NULL, NULL, '2006-06-04 14:18:40', NULL, 1);

-- --------------------------------------------------------

-- 
-- Структура на таблица `banners_history`
-- 

CREATE TABLE `banners_history` (
  `banners_history_id` int(11) NOT NULL auto_increment,
  `banners_id` int(11) NOT NULL,
  `banners_shown` int(5) NOT NULL default '0',
  `banners_clicked` int(5) NOT NULL default '0',
  `banners_history_date` datetime NOT NULL,
  PRIMARY KEY  (`banners_history_id`)
) ENGINE=MyISAM DEFAULT CHARSET=latin1 COLLATE=latin1_general_ci AUTO_INCREMENT=2 ;

-- 
-- Дъмп (схема) на данните в таблицата `banners_history`
-- 

INSERT INTO `banners_history` (`banners_history_id`, `banners_id`, `banners_shown`, `banners_clicked`, `banners_history_date`) VALUES (1, 1, 28, 0, '2006-06-04 14:18:48');

-- --------------------------------------------------------

-- 
-- Структура на таблица `categories`
-- 

CREATE TABLE `categories` (
  `categories_id` int(11) NOT NULL auto_increment,
  `categories_image` varchar(64) collate latin1_general_ci default NULL,
  `parent_id` int(11) NOT NULL default '0',
  `sort_order` int(3) default NULL,
  `date_added` datetime default NULL,
  `last_modified` datetime default NULL,
  PRIMARY KEY  (`categories_id`),
  KEY `idx_categories_parent_id` (`parent_id`)
) ENGINE=MyISAM DEFAULT CHARSET=latin1 COLLATE=latin1_general_ci AUTO_INCREMENT=27 ;

-- 
-- Дъмп (схема) на данните в таблицата `categories`
-- 

INSERT INTO `categories` (`categories_id`, `categories_image`, `parent_id`, `sort_order`, `date_added`, `last_modified`) VALUES (21, 'MerlotReserve.jpg', 0, 2, '2006-06-05 19:49:55', '2006-06-09 22:01:24'),
(22, 'mavrud_categorie.jpg', 0, 1, '2006-06-05 19:58:14', '2006-06-09 21:56:42'),
(23, 'cab_sav_kategorie.jpg', 0, 3, '2006-06-05 20:01:58', '2006-06-09 21:58:27'),
(24, 'cab_sav_reserve.jpg', 0, 4, '2006-06-05 20:04:05', NULL),
(25, 'merlot_aoc.jpg', 0, 5, '2006-06-05 20:08:01', '2006-06-09 22:00:30'),
(26, 'tamianka_cat.jpg', 0, 6, '2006-06-05 20:09:09', NULL);

-- --------------------------------------------------------

-- 
-- Структура на таблица `categories_description`
-- 

CREATE TABLE `categories_description` (
  `categories_id` int(11) NOT NULL default '0',
  `language_id` int(11) NOT NULL default '1',
  `categories_name` varchar(32) collate latin1_general_ci NOT NULL,
  PRIMARY KEY  (`categories_id`,`language_id`),
  KEY `idx_categories_name` (`categories_name`)
) ENGINE=MyISAM DEFAULT CHARSET=latin1 COLLATE=latin1_general_ci;

-- 
-- Дъмп (схема) на данните в таблицата `categories_description`
-- 

INSERT INTO `categories_description` (`categories_id`, `language_id`, `categories_name`) VALUES (26, 2, 'Tamianka Stambolovo'),
(21, 2, 'Merlot Reserve'),
(22, 2, 'Mavrud'),
(23, 2, 'Cabernet Sauvignon'),
(24, 2, 'Cabernet Sauvignon Reserve'),
(25, 2, 'Merlot aus Stambolovo (AOC)');

-- --------------------------------------------------------

-- 
-- Структура на таблица `configuration`
-- 

CREATE TABLE `configuration` (
  `configuration_id` int(11) NOT NULL auto_increment,
  `configuration_title` varchar(64) collate latin1_general_ci NOT NULL,
  `configuration_key` varchar(64) collate latin1_general_ci NOT NULL,
  `configuration_value` varchar(255) collate latin1_general_ci NOT NULL,
  `configuration_description` varchar(255) collate latin1_general_ci NOT NULL,
  `configuration_group_id` int(11) NOT NULL,
  `sort_order` int(5) default NULL,
  `last_modified` datetime default NULL,
  `date_added` datetime NOT NULL,
  `use_function` varchar(255) collate latin1_general_ci default NULL,
  `set_function` varchar(255) collate latin1_general_ci default NULL,
  PRIMARY KEY  (`configuration_id`)
) ENGINE=MyISAM DEFAULT CHARSET=latin1 COLLATE=latin1_general_ci AUTO_INCREMENT=148 ;

-- 
-- Дъмп (схема) на данните в таблицата `configuration`
-- 

INSERT INTO `configuration` (`configuration_id`, `configuration_title`, `configuration_key`, `configuration_value`, `configuration_description`, `configuration_group_id`, `sort_order`, `last_modified`, `date_added`, `use_function`, `set_function`) VALUES (1, 'Store Name', 'STORE_NAME', 'dobro vino !', 'The name of my store', 1, 1, '2006-06-04 14:28:27', '2006-06-04 14:18:40', NULL, NULL),
(2, 'Store Owner', 'STORE_OWNER', 'Stefan Römer', 'The name of my store owner', 1, 2, '2006-06-04 14:28:32', '2006-06-04 14:18:40', NULL, NULL),
(3, 'E-Mail Address', 'STORE_OWNER_EMAIL_ADDRESS', 'root@localhost', 'The e-mail address of my store owner', 1, 3, NULL, '2006-06-04 14:18:40', NULL, NULL),
(4, 'E-Mail From', 'EMAIL_FROM', 'osCommerce <root@localhost>', 'The e-mail address used in (sent) e-mails', 1, 4, NULL, '2006-06-04 14:18:40', NULL, NULL),
(5, 'Country', 'STORE_COUNTRY', '81', 'The country my store is located in <br><br><b>Note: Please remember to update the store zone.</b>', 1, 6, '2006-06-04 14:28:41', '2006-06-04 14:18:40', 'tep_get_country_name', 'tep_cfg_pull_down_country_list('),
(6, 'Zone', 'STORE_ZONE', '81', 'The zone my store is located in', 1, 7, '2006-06-04 14:28:45', '2006-06-04 14:18:40', 'tep_cfg_get_zone_name', 'tep_cfg_pull_down_zone_list('),
(7, 'Expected Sort Order', 'EXPECTED_PRODUCTS_SORT', 'desc', 'This is the sort order used in the expected products box.', 1, 8, NULL, '2006-06-04 14:18:40', NULL, 'tep_cfg_select_option(array(''asc'', ''desc''), '),
(8, 'Expected Sort Field', 'EXPECTED_PRODUCTS_FIELD', 'date_expected', 'The column to sort by in the expected products box.', 1, 9, NULL, '2006-06-04 14:18:40', NULL, 'tep_cfg_select_option(array(''products_name'', ''date_expected''), '),
(9, 'Switch To Default Language Currency', 'USE_DEFAULT_LANGUAGE_CURRENCY', 'false', 'Automatically switch to the language''s currency when it is changed', 1, 10, NULL, '2006-06-04 14:18:40', NULL, 'tep_cfg_select_option(array(''true'', ''false''), '),
(10, 'Send Extra Order Emails To', 'SEND_EXTRA_ORDER_EMAILS_TO', '', 'Send extra order emails to the following email addresses, in this format: Name 1 &lt;email@address1&gt;, Name 2 &lt;email@address2&gt;', 1, 11, NULL, '2006-06-04 14:18:40', NULL, NULL),
(11, 'Use Search-Engine Safe URLs (still in development)', 'SEARCH_ENGINE_FRIENDLY_URLS', 'true', 'Use search-engine safe urls for all site links', 1, 12, '2006-06-04 14:28:57', '2006-06-04 14:18:40', NULL, 'tep_cfg_select_option(array(''true'', ''false''), '),
(12, 'Display Cart After Adding Product', 'DISPLAY_CART', 'true', 'Display the shopping cart after adding a product (or return back to their origin)', 1, 14, NULL, '2006-06-04 14:18:40', NULL, 'tep_cfg_select_option(array(''true'', ''false''), '),
(13, 'Allow Guest To Tell A Friend', 'ALLOW_GUEST_TO_TELL_A_FRIEND', 'false', 'Allow guests to tell a friend about a product', 1, 15, NULL, '2006-06-04 14:18:40', NULL, 'tep_cfg_select_option(array(''true'', ''false''), '),
(14, 'Default Search Operator', 'ADVANCED_SEARCH_DEFAULT_OPERATOR', 'and', 'Default search operators', 1, 17, NULL, '2006-06-04 14:18:40', NULL, 'tep_cfg_select_option(array(''and'', ''or''), '),
(15, 'Store Address and Phone', 'STORE_NAME_ADDRESS', 'Store Name\nAddress\nCountry\nPhone', 'This is the Store Name, Address and Phone used on printable documents and displayed online', 1, 18, NULL, '2006-06-04 14:18:40', NULL, 'tep_cfg_textarea('),
(16, 'Show Category Counts', 'SHOW_COUNTS', 'true', 'Count recursively how many products are in each category', 1, 19, NULL, '2006-06-04 14:18:40', NULL, 'tep_cfg_select_option(array(''true'', ''false''), '),
(17, 'Tax Decimal Places', 'TAX_DECIMAL_PLACES', '0', 'Pad the tax value this amount of decimal places', 1, 20, NULL, '2006-06-04 14:18:40', NULL, NULL),
(18, 'Display Prices with Tax', 'DISPLAY_PRICE_WITH_TAX', 'false', 'Display prices with tax included (true) or add the tax at the end (false)', 1, 21, NULL, '2006-06-04 14:18:40', NULL, 'tep_cfg_select_option(array(''true'', ''false''), '),
(19, 'First Name', 'ENTRY_FIRST_NAME_MIN_LENGTH', '2', 'Minimum length of first name', 2, 1, NULL, '2006-06-04 14:18:40', NULL, NULL),
(20, 'Last Name', 'ENTRY_LAST_NAME_MIN_LENGTH', '2', 'Minimum length of last name', 2, 2, NULL, '2006-06-04 14:18:40', NULL, NULL),
(21, 'Date of Birth', 'ENTRY_DOB_MIN_LENGTH', '10', 'Minimum length of date of birth', 2, 3, NULL, '2006-06-04 14:18:40', NULL, NULL),
(22, 'E-Mail Address', 'ENTRY_EMAIL_ADDRESS_MIN_LENGTH', '6', 'Minimum length of e-mail address', 2, 4, NULL, '2006-06-04 14:18:40', NULL, NULL),
(23, 'Street Address', 'ENTRY_STREET_ADDRESS_MIN_LENGTH', '5', 'Minimum length of street address', 2, 5, NULL, '2006-06-04 14:18:40', NULL, NULL),
(24, 'Company', 'ENTRY_COMPANY_MIN_LENGTH', '2', 'Minimum length of company name', 2, 6, NULL, '2006-06-04 14:18:40', NULL, NULL),
(25, 'Post Code', 'ENTRY_POSTCODE_MIN_LENGTH', '4', 'Minimum length of post code', 2, 7, NULL, '2006-06-04 14:18:40', NULL, NULL),
(26, 'City', 'ENTRY_CITY_MIN_LENGTH', '3', 'Minimum length of city', 2, 8, NULL, '2006-06-04 14:18:40', NULL, NULL),
(27, 'State', 'ENTRY_STATE_MIN_LENGTH', '2', 'Minimum length of state', 2, 9, NULL, '2006-06-04 14:18:40', NULL, NULL),
(28, 'Telephone Number', 'ENTRY_TELEPHONE_MIN_LENGTH', '3', 'Minimum length of telephone number', 2, 10, NULL, '2006-06-04 14:18:40', NULL, NULL),
(29, 'Password', 'ENTRY_PASSWORD_MIN_LENGTH', '5', 'Minimum length of password', 2, 11, NULL, '2006-06-04 14:18:40', NULL, NULL),
(30, 'Credit Card Owner Name', 'CC_OWNER_MIN_LENGTH', '3', 'Minimum length of credit card owner name', 2, 12, NULL, '2006-06-04 14:18:40', NULL, NULL),
(31, 'Credit Card Number', 'CC_NUMBER_MIN_LENGTH', '10', 'Minimum length of credit card number', 2, 13, NULL, '2006-06-04 14:18:40', NULL, NULL),
(32, 'Review Text', 'REVIEW_TEXT_MIN_LENGTH', '50', 'Minimum length of review text', 2, 14, NULL, '2006-06-04 14:18:40', NULL, NULL),
(33, 'Best Sellers', 'MIN_DISPLAY_BESTSELLERS', '1', 'Minimum number of best sellers to display', 2, 15, NULL, '2006-06-04 14:18:40', NULL, NULL),
(34, 'Also Purchased', 'MIN_DISPLAY_ALSO_PURCHASED', '1', 'Minimum number of products to display in the ''This Customer Also Purchased'' box', 2, 16, NULL, '2006-06-04 14:18:40', NULL, NULL),
(35, 'Address Book Entries', 'MAX_ADDRESS_BOOK_ENTRIES', '5', 'Maximum address book entries a customer is allowed to have', 3, 1, NULL, '2006-06-04 14:18:40', NULL, NULL),
(36, 'Search Results', 'MAX_DISPLAY_SEARCH_RESULTS', '20', 'Amount of products to list', 3, 2, NULL, '2006-06-04 14:18:40', NULL, NULL),
(37, 'Page Links', 'MAX_DISPLAY_PAGE_LINKS', '5', 'Number of ''number'' links use for page-sets', 3, 3, NULL, '2006-06-04 14:18:40', NULL, NULL),
(38, 'Special Products', 'MAX_DISPLAY_SPECIAL_PRODUCTS', '9', 'Maximum number of products on special to display', 3, 4, NULL, '2006-06-04 14:18:40', NULL, NULL),
(39, 'New Products Module', 'MAX_DISPLAY_NEW_PRODUCTS', '9', 'Maximum number of new products to display in a category', 3, 5, NULL, '2006-06-04 14:18:40', NULL, NULL),
(40, 'Products Expected', 'MAX_DISPLAY_UPCOMING_PRODUCTS', '10', 'Maximum number of products expected to display', 3, 6, NULL, '2006-06-04 14:18:40', NULL, NULL),
(41, 'Manufacturers List', 'MAX_DISPLAY_MANUFACTURERS_IN_A_LIST', '0', 'Used in manufacturers box; when the number of manufacturers exceeds this number, a drop-down list will be displayed instead of the default list', 3, 7, NULL, '2006-06-04 14:18:40', NULL, NULL),
(42, 'Manufacturers Select Size', 'MAX_MANUFACTURERS_LIST', '1', 'Used in manufacturers box; when this value is ''1'' the classic drop-down list will be used for the manufacturers box. Otherwise, a list-box with the specified number of rows will be displayed.', 3, 7, NULL, '2006-06-04 14:18:40', NULL, NULL),
(43, 'Length of Manufacturers Name', 'MAX_DISPLAY_MANUFACTURER_NAME_LEN', '15', 'Used in manufacturers box; maximum length of manufacturers name to display', 3, 8, NULL, '2006-06-04 14:18:40', NULL, NULL),
(44, 'New Reviews', 'MAX_DISPLAY_NEW_REVIEWS', '6', 'Maximum number of new reviews to display', 3, 9, NULL, '2006-06-04 14:18:40', NULL, NULL),
(45, 'Selection of Random Reviews', 'MAX_RANDOM_SELECT_REVIEWS', '10', 'How many records to select from to choose one random product review', 3, 10, NULL, '2006-06-04 14:18:40', NULL, NULL),
(46, 'Selection of Random New Products', 'MAX_RANDOM_SELECT_NEW', '10', 'How many records to select from to choose one random new product to display', 3, 11, NULL, '2006-06-04 14:18:40', NULL, NULL),
(47, 'Selection of Products on Special', 'MAX_RANDOM_SELECT_SPECIALS', '10', 'How many records to select from to choose one random product special to display', 3, 12, NULL, '2006-06-04 14:18:40', NULL, NULL),
(48, 'Categories To List Per Row', 'MAX_DISPLAY_CATEGORIES_PER_ROW', '3', 'How many categories to list per row', 3, 13, NULL, '2006-06-04 14:18:40', NULL, NULL),
(49, 'New Products Listing', 'MAX_DISPLAY_PRODUCTS_NEW', '10', 'Maximum number of new products to display in new products page', 3, 14, NULL, '2006-06-04 14:18:40', NULL, NULL),
(50, 'Best Sellers', 'MAX_DISPLAY_BESTSELLERS', '10', 'Maximum number of best sellers to display', 3, 15, NULL, '2006-06-04 14:18:40', NULL, NULL),
(51, 'Also Purchased', 'MAX_DISPLAY_ALSO_PURCHASED', '6', 'Maximum number of products to display in the ''This Customer Also Purchased'' box', 3, 16, NULL, '2006-06-04 14:18:40', NULL, NULL),
(52, 'Customer Order History Box', 'MAX_DISPLAY_PRODUCTS_IN_ORDER_HISTORY_BOX', '6', 'Maximum number of products to display in the customer order history box', 3, 17, NULL, '2006-06-04 14:18:40', NULL, NULL),
(53, 'Order History', 'MAX_DISPLAY_ORDER_HISTORY', '10', 'Maximum number of orders to display in the order history page', 3, 18, NULL, '2006-06-04 14:18:40', NULL, NULL),
(54, 'Small Image Width', 'SMALL_IMAGE_WIDTH', '100', 'The pixel width of small images', 4, 1, NULL, '2006-06-04 14:18:40', NULL, NULL),
(55, 'Small Image Height', 'SMALL_IMAGE_HEIGHT', '133', 'The pixel height of small images', 4, 2, '2006-06-05 19:53:16', '2006-06-04 14:18:40', NULL, NULL),
(56, 'Heading Image Width', 'HEADING_IMAGE_WIDTH', '57', 'The pixel width of heading images', 4, 3, NULL, '2006-06-04 14:18:40', NULL, NULL),
(57, 'Heading Image Height', 'HEADING_IMAGE_HEIGHT', '76', 'The pixel height of heading images', 4, 4, '2006-06-05 19:55:03', '2006-06-04 14:18:40', NULL, NULL),
(58, 'Subcategory Image Width', 'SUBCATEGORY_IMAGE_WIDTH', '100', 'The pixel width of subcategory images', 4, 5, NULL, '2006-06-04 14:18:40', NULL, NULL),
(59, 'Subcategory Image Height', 'SUBCATEGORY_IMAGE_HEIGHT', '57', 'The pixel height of subcategory images', 4, 6, NULL, '2006-06-04 14:18:40', NULL, NULL),
(60, 'Calculate Image Size', 'CONFIG_CALCULATE_IMAGE_SIZE', 'true', 'Calculate the size of images?', 4, 7, NULL, '2006-06-04 14:18:40', NULL, 'tep_cfg_select_option(array(''true'', ''false''), '),
(61, 'Image Required', 'IMAGE_REQUIRED', 'true', 'Enable to display broken images. Good for development.', 4, 8, NULL, '2006-06-04 14:18:40', NULL, 'tep_cfg_select_option(array(''true'', ''false''), '),
(62, 'Gender', 'ACCOUNT_GENDER', 'true', 'Display gender in the customers account', 5, 1, NULL, '2006-06-04 14:18:40', NULL, 'tep_cfg_select_option(array(''true'', ''false''), '),
(63, 'Date of Birth', 'ACCOUNT_DOB', 'true', 'Display date of birth in the customers account', 5, 2, NULL, '2006-06-04 14:18:40', NULL, 'tep_cfg_select_option(array(''true'', ''false''), '),
(64, 'Company', 'ACCOUNT_COMPANY', 'true', 'Display company in the customers account', 5, 3, NULL, '2006-06-04 14:18:40', NULL, 'tep_cfg_select_option(array(''true'', ''false''), '),
(65, 'Suburb', 'ACCOUNT_SUBURB', 'true', 'Display suburb in the customers account', 5, 4, NULL, '2006-06-04 14:18:40', NULL, 'tep_cfg_select_option(array(''true'', ''false''), '),
(66, 'State', 'ACCOUNT_STATE', 'true', 'Display state in the customers account', 5, 5, NULL, '2006-06-04 14:18:40', NULL, 'tep_cfg_select_option(array(''true'', ''false''), '),
(67, 'Installed Modules', 'MODULE_PAYMENT_INSTALLED', 'cod.php;moneyorder.php', 'List of payment module filenames separated by a semi-colon. This is automatically updated. No need to edit. (Example: cc.php;cod.php;paypal.php)', 6, 0, '2006-06-12 00:14:14', '2006-06-04 14:18:40', NULL, NULL),
(68, 'Installed Modules', 'MODULE_ORDER_TOTAL_INSTALLED', 'ot_subtotal.php;ot_shipping.php;ot_tax.php;ot_total.php', 'List of order_total module filenames separated by a semi-colon. This is automatically updated. No need to edit. (Example: ot_subtotal.php;ot_tax.php;ot_shipping.php;ot_total.php)', 6, 0, '2006-06-12 00:26:58', '2006-06-04 14:18:40', NULL, NULL),
(69, 'Installed Modules', 'MODULE_SHIPPING_INSTALLED', 'flat.php', 'List of shipping module filenames separated by a semi-colon. This is automatically updated. No need to edit. (Example: ups.php;flat.php;item.php)', 6, 0, NULL, '2006-06-04 14:18:40', NULL, NULL),
(70, 'Enable Cash On Delivery Module', 'MODULE_PAYMENT_COD_STATUS', 'True', 'Do you want to accept Cash On Delevery payments?', 6, 1, NULL, '2006-06-04 14:18:40', NULL, 'tep_cfg_select_option(array(''True'', ''False''), '),
(71, 'Payment Zone', 'MODULE_PAYMENT_COD_ZONE', '0', 'If a zone is selected, only enable this payment method for that zone.', 6, 2, NULL, '2006-06-04 14:18:40', 'tep_get_zone_class_title', 'tep_cfg_pull_down_zone_classes('),
(72, 'Sort order of display.', 'MODULE_PAYMENT_COD_SORT_ORDER', '0', 'Sort order of display. Lowest is displayed first.', 6, 0, NULL, '2006-06-04 14:18:40', NULL, NULL),
(73, 'Set Order Status', 'MODULE_PAYMENT_COD_ORDER_STATUS_ID', '0', 'Set the status of orders made with this payment module to this value', 6, 0, NULL, '2006-06-04 14:18:40', 'tep_get_order_status_name', 'tep_cfg_pull_down_order_statuses('),
(79, 'Enable Flat Shipping', 'MODULE_SHIPPING_FLAT_STATUS', 'True', 'Do you want to offer flat rate shipping?', 6, 0, NULL, '2006-06-04 14:18:40', NULL, 'tep_cfg_select_option(array(''True'', ''False''), '),
(80, 'Shipping Cost', 'MODULE_SHIPPING_FLAT_COST', '6.90', 'The shipping cost for all orders using this shipping method.', 6, 0, NULL, '2006-06-04 14:18:40', NULL, NULL),
(81, 'Tax Class', 'MODULE_SHIPPING_FLAT_TAX_CLASS', '0', 'Use the following tax class on the shipping fee.', 6, 0, NULL, '2006-06-04 14:18:40', 'tep_get_tax_class_title', 'tep_cfg_pull_down_tax_classes('),
(82, 'Shipping Zone', 'MODULE_SHIPPING_FLAT_ZONE', '0', 'If a zone is selected, only enable this shipping method for that zone.', 6, 0, NULL, '2006-06-04 14:18:40', 'tep_get_zone_class_title', 'tep_cfg_pull_down_zone_classes('),
(83, 'Sort Order', 'MODULE_SHIPPING_FLAT_SORT_ORDER', '0', 'Sort order of display.', 6, 0, NULL, '2006-06-04 14:18:40', NULL, NULL),
(84, 'Default Currency', 'DEFAULT_CURRENCY', 'EUR', 'Default Currency', 6, 0, NULL, '2006-06-04 14:18:40', NULL, NULL),
(85, 'Default Language', 'DEFAULT_LANGUAGE', 'de', 'Default Language', 6, 0, NULL, '2006-06-04 14:18:40', NULL, NULL),
(86, 'Default Order Status For New Orders', 'DEFAULT_ORDERS_STATUS_ID', '1', 'When a new order is created, this order status will be assigned to it.', 6, 0, NULL, '2006-06-04 14:18:40', NULL, NULL),
(87, 'Display Shipping', 'MODULE_ORDER_TOTAL_SHIPPING_STATUS', 'true', 'Do you want to display the order shipping cost?', 6, 1, NULL, '2006-06-04 14:18:40', NULL, 'tep_cfg_select_option(array(''true'', ''false''), '),
(88, 'Sort Order', 'MODULE_ORDER_TOTAL_SHIPPING_SORT_ORDER', '2', 'Sort order of display.', 6, 2, NULL, '2006-06-04 14:18:40', NULL, NULL),
(89, 'Allow Free Shipping', 'MODULE_ORDER_TOTAL_SHIPPING_FREE_SHIPPING', 'false', 'Do you want to allow free shipping?', 6, 3, NULL, '2006-06-04 14:18:40', NULL, 'tep_cfg_select_option(array(''true'', ''false''), '),
(90, 'Free Shipping For Orders Over', 'MODULE_ORDER_TOTAL_SHIPPING_FREE_SHIPPING_OVER', '50', 'Provide free shipping for orders over the set amount.', 6, 4, NULL, '2006-06-04 14:18:40', 'currencies->format', NULL),
(91, 'Provide Free Shipping For Orders Made', 'MODULE_ORDER_TOTAL_SHIPPING_DESTINATION', 'national', 'Provide free shipping for orders sent to the set destination.', 6, 5, NULL, '2006-06-04 14:18:40', NULL, 'tep_cfg_select_option(array(''national'', ''international'', ''both''), '),
(92, 'Display Sub-Total', 'MODULE_ORDER_TOTAL_SUBTOTAL_STATUS', 'true', 'Do you want to display the order sub-total cost?', 6, 1, NULL, '2006-06-04 14:18:40', NULL, 'tep_cfg_select_option(array(''true'', ''false''), '),
(93, 'Sort Order', 'MODULE_ORDER_TOTAL_SUBTOTAL_SORT_ORDER', '1', 'Sort order of display.', 6, 2, NULL, '2006-06-04 14:18:40', NULL, NULL),
(94, 'Display Tax', 'MODULE_ORDER_TOTAL_TAX_STATUS', 'true', 'Do you want to display the order tax value?', 6, 1, NULL, '2006-06-04 14:18:40', NULL, 'tep_cfg_select_option(array(''true'', ''false''), '),
(95, 'Sort Order', 'MODULE_ORDER_TOTAL_TAX_SORT_ORDER', '3', 'Sort order of display.', 6, 2, NULL, '2006-06-04 14:18:40', NULL, NULL),
(96, 'Display Total', 'MODULE_ORDER_TOTAL_TOTAL_STATUS', 'true', 'Do you want to display the total order value?', 6, 1, NULL, '2006-06-04 14:18:40', NULL, 'tep_cfg_select_option(array(''true'', ''false''), '),
(97, 'Sort Order', 'MODULE_ORDER_TOTAL_TOTAL_SORT_ORDER', '4', 'Sort order of display.', 6, 2, NULL, '2006-06-04 14:18:40', NULL, NULL),
(98, 'Country of Origin', 'SHIPPING_ORIGIN_COUNTRY', '81', 'Select the country of origin to be used in shipping quotes.', 7, 1, '2006-06-05 17:05:41', '2006-06-04 14:18:40', 'tep_get_country_name', 'tep_cfg_pull_down_country_list('),
(99, 'Postal Code', 'SHIPPING_ORIGIN_ZIP', 'NONE', 'Enter the Postal Code (ZIP) of the Store to be used in shipping quotes.', 7, 2, NULL, '2006-06-04 14:18:40', NULL, NULL),
(100, 'Enter the Maximum Package Weight you will ship', 'SHIPPING_MAX_WEIGHT', '50', 'Carriers have a max weight limit for a single package. This is a common one for all.', 7, 3, NULL, '2006-06-04 14:18:40', NULL, NULL),
(101, 'Package Tare weight.', 'SHIPPING_BOX_WEIGHT', '3', 'What is the weight of typical packaging of small to medium packages?', 7, 4, NULL, '2006-06-04 14:18:40', NULL, NULL),
(102, 'Larger packages - percentage increase.', 'SHIPPING_BOX_PADDING', '10', 'For 10% enter 10', 7, 5, NULL, '2006-06-04 14:18:40', NULL, NULL),
(103, 'Display Product Image', 'PRODUCT_LIST_IMAGE', '1', 'Do you want to display the Product Image?', 8, 1, NULL, '2006-06-04 14:18:40', NULL, NULL),
(104, 'Display Product Manufaturer Name', 'PRODUCT_LIST_MANUFACTURER', '0', 'Do you want to display the Product Manufacturer Name?', 8, 2, NULL, '2006-06-04 14:18:40', NULL, NULL),
(105, 'Display Product Model', 'PRODUCT_LIST_MODEL', '0', 'Do you want to display the Product Model?', 8, 3, NULL, '2006-06-04 14:18:40', NULL, NULL),
(106, 'Display Product Name', 'PRODUCT_LIST_NAME', '2', 'Do you want to display the Product Name?', 8, 4, NULL, '2006-06-04 14:18:40', NULL, NULL),
(107, 'Display Product Price', 'PRODUCT_LIST_PRICE', '3', 'Do you want to display the Product Price', 8, 5, NULL, '2006-06-04 14:18:40', NULL, NULL),
(108, 'Display Product Quantity', 'PRODUCT_LIST_QUANTITY', '0', 'Do you want to display the Product Quantity?', 8, 6, NULL, '2006-06-04 14:18:40', NULL, NULL),
(109, 'Display Product Weight', 'PRODUCT_LIST_WEIGHT', '0', 'Do you want to display the Product Weight?', 8, 7, NULL, '2006-06-04 14:18:40', NULL, NULL),
(110, 'Display Buy Now column', 'PRODUCT_LIST_BUY_NOW', '4', 'Do you want to display the Buy Now column?', 8, 8, NULL, '2006-06-04 14:18:40', NULL, NULL),
(111, 'Display Category/Manufacturer Filter (0=disable; 1=enable)', 'PRODUCT_LIST_FILTER', '1', 'Do you want to display the Category/Manufacturer Filter?', 8, 9, NULL, '2006-06-04 14:18:40', NULL, NULL),
(112, 'Location of Prev/Next Navigation Bar (1-top, 2-bottom, 3-both)', 'PREV_NEXT_BAR_LOCATION', '2', 'Sets the location of the Prev/Next Navigation Bar (1-top, 2-bottom, 3-both)', 8, 10, NULL, '2006-06-04 14:18:40', NULL, NULL),
(113, 'Check stock level', 'STOCK_CHECK', 'true', 'Check to see if sufficent stock is available', 9, 1, NULL, '2006-06-04 14:18:40', NULL, 'tep_cfg_select_option(array(''true'', ''false''), '),
(114, 'Subtract stock', 'STOCK_LIMITED', 'true', 'Subtract product in stock by product orders', 9, 2, NULL, '2006-06-04 14:18:40', NULL, 'tep_cfg_select_option(array(''true'', ''false''), '),
(115, 'Allow Checkout', 'STOCK_ALLOW_CHECKOUT', 'true', 'Allow customer to checkout even if there is insufficient stock', 9, 3, NULL, '2006-06-04 14:18:40', NULL, 'tep_cfg_select_option(array(''true'', ''false''), '),
(116, 'Mark product out of stock', 'STOCK_MARK_PRODUCT_OUT_OF_STOCK', '***', 'Display something on screen so customer can see which product has insufficient stock', 9, 4, NULL, '2006-06-04 14:18:40', NULL, NULL),
(117, 'Stock Re-order level', 'STOCK_REORDER_LEVEL', '5', 'Define when stock needs to be re-ordered', 9, 5, NULL, '2006-06-04 14:18:40', NULL, NULL),
(118, 'Store Page Parse Time', 'STORE_PAGE_PARSE_TIME', 'false', 'Store the time it takes to parse a page', 10, 1, NULL, '2006-06-04 14:18:40', NULL, 'tep_cfg_select_option(array(''true'', ''false''), '),
(119, 'Log Destination', 'STORE_PAGE_PARSE_TIME_LOG', '/var/log/www/tep/page_parse_time.log', 'Directory and filename of the page parse time log', 10, 2, NULL, '2006-06-04 14:18:40', NULL, NULL),
(120, 'Log Date Format', 'STORE_PARSE_DATE_TIME_FORMAT', '%d/%m/%Y %H:%M:%S', 'The date format', 10, 3, NULL, '2006-06-04 14:18:40', NULL, NULL),
(121, 'Display The Page Parse Time', 'DISPLAY_PAGE_PARSE_TIME', 'true', 'Display the page parse time (store page parse time must be enabled)', 10, 4, NULL, '2006-06-04 14:18:40', NULL, 'tep_cfg_select_option(array(''true'', ''false''), '),
(122, 'Store Database Queries', 'STORE_DB_TRANSACTIONS', 'false', 'Store the database queries in the page parse time log (PHP4 only)', 10, 5, NULL, '2006-06-04 14:18:40', NULL, 'tep_cfg_select_option(array(''true'', ''false''), '),
(123, 'Use Cache', 'USE_CACHE', 'false', 'Use caching features', 11, 1, NULL, '2006-06-04 14:18:40', NULL, 'tep_cfg_select_option(array(''true'', ''false''), '),
(124, 'Cache Directory', 'DIR_FS_CACHE', '/tmp/', 'The directory where the cached files are saved', 11, 2, NULL, '2006-06-04 14:18:40', NULL, NULL),
(125, 'E-Mail Transport Method', 'EMAIL_TRANSPORT', 'sendmail', 'Defines if this server uses a local connection to sendmail or uses an SMTP connection via TCP/IP. Servers running on Windows and MacOS should change this setting to SMTP.', 12, 1, NULL, '2006-06-04 14:18:40', NULL, 'tep_cfg_select_option(array(''sendmail'', ''smtp''),'),
(126, 'E-Mail Linefeeds', 'EMAIL_LINEFEED', 'LF', 'Defines the character sequence used to separate mail headers.', 12, 2, NULL, '2006-06-04 14:18:40', NULL, 'tep_cfg_select_option(array(''LF'', ''CRLF''),'),
(127, 'Use MIME HTML When Sending Emails', 'EMAIL_USE_HTML', 'false', 'Send e-mails in HTML format', 12, 3, NULL, '2006-06-04 14:18:40', NULL, 'tep_cfg_select_option(array(''true'', ''false''),'),
(128, 'Verify E-Mail Addresses Through DNS', 'ENTRY_EMAIL_ADDRESS_CHECK', 'false', 'Verify e-mail address through a DNS server', 12, 4, NULL, '2006-06-04 14:18:40', NULL, 'tep_cfg_select_option(array(''true'', ''false''), '),
(129, 'Send E-Mails', 'SEND_EMAILS', 'true', 'Send out e-mails', 12, 5, NULL, '2006-06-04 14:18:40', NULL, 'tep_cfg_select_option(array(''true'', ''false''), '),
(130, 'Enable download', 'DOWNLOAD_ENABLED', 'false', 'Enable the products download functions.', 13, 1, NULL, '2006-06-04 14:18:40', NULL, 'tep_cfg_select_option(array(''true'', ''false''), '),
(131, 'Download by redirect', 'DOWNLOAD_BY_REDIRECT', 'false', 'Use browser redirection for download. Disable on non-Unix systems.', 13, 2, NULL, '2006-06-04 14:18:40', NULL, 'tep_cfg_select_option(array(''true'', ''false''), '),
(132, 'Expiry delay (days)', 'DOWNLOAD_MAX_DAYS', '7', 'Set number of days before the download link expires. 0 means no limit.', 13, 3, NULL, '2006-06-04 14:18:40', NULL, ''),
(133, 'Maximum number of downloads', 'DOWNLOAD_MAX_COUNT', '5', 'Set the maximum number of downloads. 0 means no download authorized.', 13, 4, NULL, '2006-06-04 14:18:40', NULL, ''),
(134, 'Enable GZip Compression', 'GZIP_COMPRESSION', 'false', 'Enable HTTP GZip compression.', 14, 1, NULL, '2006-06-04 14:18:40', NULL, 'tep_cfg_select_option(array(''true'', ''false''), '),
(135, 'Compression Level', 'GZIP_LEVEL', '5', 'Use this compression level 0-9 (0 = minimum, 9 = maximum).', 14, 2, NULL, '2006-06-04 14:18:40', NULL, NULL),
(136, 'Session Directory', 'SESSION_WRITE_DIRECTORY', '/tmp', 'If sessions are file based, store them in this directory.', 15, 1, NULL, '2006-06-04 14:18:40', NULL, NULL),
(137, 'Force Cookie Use', 'SESSION_FORCE_COOKIE_USE', 'False', 'Force the use of sessions when cookies are only enabled.', 15, 2, NULL, '2006-06-04 14:18:40', NULL, 'tep_cfg_select_option(array(''True'', ''False''), '),
(138, 'Check SSL Session ID', 'SESSION_CHECK_SSL_SESSION_ID', 'False', 'Validate the SSL_SESSION_ID on every secure HTTPS page request.', 15, 3, NULL, '2006-06-04 14:18:40', NULL, 'tep_cfg_select_option(array(''True'', ''False''), '),
(139, 'Check User Agent', 'SESSION_CHECK_USER_AGENT', 'False', 'Validate the clients browser user agent on every page request.', 15, 4, NULL, '2006-06-04 14:18:40', NULL, 'tep_cfg_select_option(array(''True'', ''False''), '),
(140, 'Check IP Address', 'SESSION_CHECK_IP_ADDRESS', 'False', 'Validate the clients IP address on every page request.', 15, 5, NULL, '2006-06-04 14:18:40', NULL, 'tep_cfg_select_option(array(''True'', ''False''), '),
(141, 'Prevent Spider Sessions', 'SESSION_BLOCK_SPIDERS', 'False', 'Prevent known spiders from starting a session.', 15, 6, NULL, '2006-06-04 14:18:40', NULL, 'tep_cfg_select_option(array(''True'', ''False''), '),
(142, 'Recreate Session', 'SESSION_RECREATE', 'False', 'Recreate the session to generate a new session ID when the customer logs on or creates an account (PHP >=4.1 needed).', 15, 7, NULL, '2006-06-04 14:18:40', NULL, 'tep_cfg_select_option(array(''True'', ''False''), '),
(143, 'Enable Check/Money Order Module', 'MODULE_PAYMENT_MONEYORDER_STATUS', 'True', 'Do you want to accept Check/Money Order payments?', 6, 1, NULL, '2006-06-12 00:13:34', NULL, 'tep_cfg_select_option(array(''True'', ''False''), '),
(144, 'Make Payable to:', 'MODULE_PAYMENT_MONEYORDER_PAYTO', '', 'Who should payments be made payable to?', 6, 1, NULL, '2006-06-12 00:13:34', NULL, NULL),
(145, 'Sort order of display.', 'MODULE_PAYMENT_MONEYORDER_SORT_ORDER', '0', 'Sort order of display. Lowest is displayed first.', 6, 0, NULL, '2006-06-12 00:13:34', NULL, NULL),
(146, 'Payment Zone', 'MODULE_PAYMENT_MONEYORDER_ZONE', '0', 'If a zone is selected, only enable this payment method for that zone.', 6, 2, NULL, '2006-06-12 00:13:34', 'tep_get_zone_class_title', 'tep_cfg_pull_down_zone_classes('),
(147, 'Set Order Status', 'MODULE_PAYMENT_MONEYORDER_ORDER_STATUS_ID', '0', 'Set the status of orders made with this payment module to this value', 6, 0, NULL, '2006-06-12 00:13:34', 'tep_get_order_status_name', 'tep_cfg_pull_down_order_statuses(');

-- --------------------------------------------------------

-- 
-- Структура на таблица `configuration_group`
-- 

CREATE TABLE `configuration_group` (
  `configuration_group_id` int(11) NOT NULL auto_increment,
  `configuration_group_title` varchar(64) collate latin1_general_ci NOT NULL,
  `configuration_group_description` varchar(255) collate latin1_general_ci NOT NULL,
  `sort_order` int(5) default NULL,
  `visible` int(1) default '1',
  PRIMARY KEY  (`configuration_group_id`)
) ENGINE=MyISAM DEFAULT CHARSET=latin1 COLLATE=latin1_general_ci AUTO_INCREMENT=16 ;

-- 
-- Дъмп (схема) на данните в таблицата `configuration_group`
-- 

INSERT INTO `configuration_group` (`configuration_group_id`, `configuration_group_title`, `configuration_group_description`, `sort_order`, `visible`) VALUES (1, 'My Store', 'General information about my store', 1, 1),
(2, 'Minimum Values', 'The minimum values for functions / data', 2, 1),
(3, 'Maximum Values', 'The maximum values for functions / data', 3, 1),
(4, 'Images', 'Image parameters', 4, 1),
(5, 'Customer Details', 'Customer account configuration', 5, 1),
(6, 'Module Options', 'Hidden from configuration', 6, 0),
(7, 'Shipping/Packaging', 'Shipping options available at my store', 7, 1),
(8, 'Product Listing', 'Product Listing    configuration options', 8, 1),
(9, 'Stock', 'Stock configuration options', 9, 1),
(10, 'Logging', 'Logging configuration options', 10, 1),
(11, 'Cache', 'Caching configuration options', 11, 1),
(12, 'E-Mail Options', 'General setting for E-Mail transport and HTML E-Mails', 12, 1),
(13, 'Download', 'Downloadable products options', 13, 1),
(14, 'GZip Compression', 'GZip compression options', 14, 1),
(15, 'Sessions', 'Session options', 15, 1);

-- --------------------------------------------------------

-- 
-- Структура на таблица `counter`
-- 

CREATE TABLE `counter` (
  `startdate` char(8) collate latin1_general_ci default NULL,
  `counter` int(12) default NULL
) ENGINE=MyISAM DEFAULT CHARSET=latin1 COLLATE=latin1_general_ci;

-- 
-- Дъмп (схема) на данните в таблицата `counter`
-- 

INSERT INTO `counter` (`startdate`, `counter`) VALUES ('20060604', 2188);

-- --------------------------------------------------------

-- 
-- Структура на таблица `counter_history`
-- 

CREATE TABLE `counter_history` (
  `month` char(8) collate latin1_general_ci default NULL,
  `counter` int(12) default NULL
) ENGINE=MyISAM DEFAULT CHARSET=latin1 COLLATE=latin1_general_ci;

-- 
-- Дъмп (схема) на данните в таблицата `counter_history`
-- 


-- --------------------------------------------------------

-- 
-- Структура на таблица `countries`
-- 

CREATE TABLE `countries` (
  `countries_id` int(11) NOT NULL auto_increment,
  `countries_name` varchar(64) collate latin1_general_ci NOT NULL,
  `countries_iso_code_2` char(2) collate latin1_general_ci NOT NULL,
  `countries_iso_code_3` char(3) collate latin1_general_ci NOT NULL,
  `address_format_id` int(11) NOT NULL,
  PRIMARY KEY  (`countries_id`),
  KEY `IDX_COUNTRIES_NAME` (`countries_name`)
) ENGINE=MyISAM DEFAULT CHARSET=latin1 COLLATE=latin1_general_ci AUTO_INCREMENT=240 ;

-- 
-- Дъмп (схема) на данните в таблицата `countries`
-- 

INSERT INTO `countries` (`countries_id`, `countries_name`, `countries_iso_code_2`, `countries_iso_code_3`, `address_format_id`) VALUES (1, 'Afghanistan', 'AF', 'AFG', 1),
(2, 'Albania', 'AL', 'ALB', 1),
(3, 'Algeria', 'DZ', 'DZA', 1),
(4, 'American Samoa', 'AS', 'ASM', 1),
(5, 'Andorra', 'AD', 'AND', 1),
(6, 'Angola', 'AO', 'AGO', 1),
(7, 'Anguilla', 'AI', 'AIA', 1),
(8, 'Antarctica', 'AQ', 'ATA', 1),
(9, 'Antigua and Barbuda', 'AG', 'ATG', 1),
(10, 'Argentina', 'AR', 'ARG', 1),
(11, 'Armenia', 'AM', 'ARM', 1),
(12, 'Aruba', 'AW', 'ABW', 1),
(13, 'Australia', 'AU', 'AUS', 1),
(14, 'Austria', 'AT', 'AUT', 5),
(15, 'Azerbaijan', 'AZ', 'AZE', 1),
(16, 'Bahamas', 'BS', 'BHS', 1),
(17, 'Bahrain', 'BH', 'BHR', 1),
(18, 'Bangladesh', 'BD', 'BGD', 1),
(19, 'Barbados', 'BB', 'BRB', 1),
(20, 'Belarus', 'BY', 'BLR', 1),
(21, 'Belgium', 'BE', 'BEL', 1),
(22, 'Belize', 'BZ', 'BLZ', 1),
(23, 'Benin', 'BJ', 'BEN', 1),
(24, 'Bermuda', 'BM', 'BMU', 1),
(25, 'Bhutan', 'BT', 'BTN', 1),
(26, 'Bolivia', 'BO', 'BOL', 1),
(27, 'Bosnia and Herzegowina', 'BA', 'BIH', 1),
(28, 'Botswana', 'BW', 'BWA', 1),
(29, 'Bouvet Island', 'BV', 'BVT', 1),
(30, 'Brazil', 'BR', 'BRA', 1),
(31, 'British Indian Ocean Territory', 'IO', 'IOT', 1),
(32, 'Brunei Darussalam', 'BN', 'BRN', 1),
(33, 'Bulgaria', 'BG', 'BGR', 1),
(34, 'Burkina Faso', 'BF', 'BFA', 1),
(35, 'Burundi', 'BI', 'BDI', 1),
(36, 'Cambodia', 'KH', 'KHM', 1),
(37, 'Cameroon', 'CM', 'CMR', 1),
(38, 'Canada', 'CA', 'CAN', 1),
(39, 'Cape Verde', 'CV', 'CPV', 1),
(40, 'Cayman Islands', 'KY', 'CYM', 1),
(41, 'Central African Republic', 'CF', 'CAF', 1),
(42, 'Chad', 'TD', 'TCD', 1),
(43, 'Chile', 'CL', 'CHL', 1),
(44, 'China', 'CN', 'CHN', 1),
(45, 'Christmas Island', 'CX', 'CXR', 1),
(46, 'Cocos (Keeling) Islands', 'CC', 'CCK', 1),
(47, 'Colombia', 'CO', 'COL', 1),
(48, 'Comoros', 'KM', 'COM', 1),
(49, 'Congo', 'CG', 'COG', 1),
(50, 'Cook Islands', 'CK', 'COK', 1),
(51, 'Costa Rica', 'CR', 'CRI', 1),
(52, 'Cote D''Ivoire', 'CI', 'CIV', 1),
(53, 'Croatia', 'HR', 'HRV', 1),
(54, 'Cuba', 'CU', 'CUB', 1),
(55, 'Cyprus', 'CY', 'CYP', 1),
(56, 'Czech Republic', 'CZ', 'CZE', 1),
(57, 'Denmark', 'DK', 'DNK', 1),
(58, 'Djibouti', 'DJ', 'DJI', 1),
(59, 'Dominica', 'DM', 'DMA', 1),
(60, 'Dominican Republic', 'DO', 'DOM', 1),
(61, 'East Timor', 'TP', 'TMP', 1),
(62, 'Ecuador', 'EC', 'ECU', 1),
(63, 'Egypt', 'EG', 'EGY', 1),
(64, 'El Salvador', 'SV', 'SLV', 1),
(65, 'Equatorial Guinea', 'GQ', 'GNQ', 1),
(66, 'Eritrea', 'ER', 'ERI', 1),
(67, 'Estonia', 'EE', 'EST', 1),
(68, 'Ethiopia', 'ET', 'ETH', 1),
(69, 'Falkland Islands (Malvinas)', 'FK', 'FLK', 1),
(70, 'Faroe Islands', 'FO', 'FRO', 1),
(71, 'Fiji', 'FJ', 'FJI', 1),
(72, 'Finland', 'FI', 'FIN', 1),
(73, 'France', 'FR', 'FRA', 1),
(74, 'France, Metropolitan', 'FX', 'FXX', 1),
(75, 'French Guiana', 'GF', 'GUF', 1),
(76, 'French Polynesia', 'PF', 'PYF', 1),
(77, 'French Southern Territories', 'TF', 'ATF', 1),
(78, 'Gabon', 'GA', 'GAB', 1),
(79, 'Gambia', 'GM', 'GMB', 1),
(80, 'Georgia', 'GE', 'GEO', 1),
(81, 'Germany', 'DE', 'DEU', 5),
(82, 'Ghana', 'GH', 'GHA', 1),
(83, 'Gibraltar', 'GI', 'GIB', 1),
(84, 'Greece', 'GR', 'GRC', 1),
(85, 'Greenland', 'GL', 'GRL', 1),
(86, 'Grenada', 'GD', 'GRD', 1),
(87, 'Guadeloupe', 'GP', 'GLP', 1),
(88, 'Guam', 'GU', 'GUM', 1),
(89, 'Guatemala', 'GT', 'GTM', 1),
(90, 'Guinea', 'GN', 'GIN', 1),
(91, 'Guinea-bissau', 'GW', 'GNB', 1),
(92, 'Guyana', 'GY', 'GUY', 1),
(93, 'Haiti', 'HT', 'HTI', 1),
(94, 'Heard and Mc Donald Islands', 'HM', 'HMD', 1),
(95, 'Honduras', 'HN', 'HND', 1),
(96, 'Hong Kong', 'HK', 'HKG', 1),
(97, 'Hungary', 'HU', 'HUN', 1),
(98, 'Iceland', 'IS', 'ISL', 1),
(99, 'India', 'IN', 'IND', 1),
(100, 'Indonesia', 'ID', 'IDN', 1),
(101, 'Iran (Islamic Republic of)', 'IR', 'IRN', 1),
(102, 'Iraq', 'IQ', 'IRQ', 1),
(103, 'Ireland', 'IE', 'IRL', 1),
(104, 'Israel', 'IL', 'ISR', 1),
(105, 'Italy', 'IT', 'ITA', 1),
(106, 'Jamaica', 'JM', 'JAM', 1),
(107, 'Japan', 'JP', 'JPN', 1),
(108, 'Jordan', 'JO', 'JOR', 1),
(109, 'Kazakhstan', 'KZ', 'KAZ', 1),
(110, 'Kenya', 'KE', 'KEN', 1),
(111, 'Kiribati', 'KI', 'KIR', 1),
(112, 'Korea, Democratic People''s Republic of', 'KP', 'PRK', 1),
(113, 'Korea, Republic of', 'KR', 'KOR', 1),
(114, 'Kuwait', 'KW', 'KWT', 1),
(115, 'Kyrgyzstan', 'KG', 'KGZ', 1),
(116, 'Lao People''s Democratic Republic', 'LA', 'LAO', 1),
(117, 'Latvia', 'LV', 'LVA', 1),
(118, 'Lebanon', 'LB', 'LBN', 1),
(119, 'Lesotho', 'LS', 'LSO', 1),
(120, 'Liberia', 'LR', 'LBR', 1),
(121, 'Libyan Arab Jamahiriya', 'LY', 'LBY', 1),
(122, 'Liechtenstein', 'LI', 'LIE', 1),
(123, 'Lithuania', 'LT', 'LTU', 1),
(124, 'Luxembourg', 'LU', 'LUX', 1),
(125, 'Macau', 'MO', 'MAC', 1),
(126, 'Macedonia, The Former Yugoslav Republic of', 'MK', 'MKD', 1),
(127, 'Madagascar', 'MG', 'MDG', 1),
(128, 'Malawi', 'MW', 'MWI', 1),
(129, 'Malaysia', 'MY', 'MYS', 1),
(130, 'Maldives', 'MV', 'MDV', 1),
(131, 'Mali', 'ML', 'MLI', 1),
(132, 'Malta', 'MT', 'MLT', 1),
(133, 'Marshall Islands', 'MH', 'MHL', 1),
(134, 'Martinique', 'MQ', 'MTQ', 1),
(135, 'Mauritania', 'MR', 'MRT', 1),
(136, 'Mauritius', 'MU', 'MUS', 1),
(137, 'Mayotte', 'YT', 'MYT', 1),
(138, 'Mexico', 'MX', 'MEX', 1),
(139, 'Micronesia, Federated States of', 'FM', 'FSM', 1),
(140, 'Moldova, Republic of', 'MD', 'MDA', 1),
(141, 'Monaco', 'MC', 'MCO', 1),
(142, 'Mongolia', 'MN', 'MNG', 1),
(143, 'Montserrat', 'MS', 'MSR', 1),
(144, 'Morocco', 'MA', 'MAR', 1),
(145, 'Mozambique', 'MZ', 'MOZ', 1),
(146, 'Myanmar', 'MM', 'MMR', 1),
(147, 'Namibia', 'NA', 'NAM', 1),
(148, 'Nauru', 'NR', 'NRU', 1),
(149, 'Nepal', 'NP', 'NPL', 1),
(150, 'Netherlands', 'NL', 'NLD', 1),
(151, 'Netherlands Antilles', 'AN', 'ANT', 1),
(152, 'New Caledonia', 'NC', 'NCL', 1),
(153, 'New Zealand', 'NZ', 'NZL', 1),
(154, 'Nicaragua', 'NI', 'NIC', 1),
(155, 'Niger', 'NE', 'NER', 1),
(156, 'Nigeria', 'NG', 'NGA', 1),
(157, 'Niue', 'NU', 'NIU', 1),
(158, 'Norfolk Island', 'NF', 'NFK', 1),
(159, 'Northern Mariana Islands', 'MP', 'MNP', 1),
(160, 'Norway', 'NO', 'NOR', 1),
(161, 'Oman', 'OM', 'OMN', 1),
(162, 'Pakistan', 'PK', 'PAK', 1),
(163, 'Palau', 'PW', 'PLW', 1),
(164, 'Panama', 'PA', 'PAN', 1),
(165, 'Papua New Guinea', 'PG', 'PNG', 1),
(166, 'Paraguay', 'PY', 'PRY', 1),
(167, 'Peru', 'PE', 'PER', 1),
(168, 'Philippines', 'PH', 'PHL', 1),
(169, 'Pitcairn', 'PN', 'PCN', 1),
(170, 'Poland', 'PL', 'POL', 1),
(171, 'Portugal', 'PT', 'PRT', 1),
(172, 'Puerto Rico', 'PR', 'PRI', 1),
(173, 'Qatar', 'QA', 'QAT', 1),
(174, 'Reunion', 'RE', 'REU', 1),
(175, 'Romania', 'RO', 'ROM', 1),
(176, 'Russian Federation', 'RU', 'RUS', 1),
(177, 'Rwanda', 'RW', 'RWA', 1),
(178, 'Saint Kitts and Nevis', 'KN', 'KNA', 1),
(179, 'Saint Lucia', 'LC', 'LCA', 1),
(180, 'Saint Vincent and the Grenadines', 'VC', 'VCT', 1),
(181, 'Samoa', 'WS', 'WSM', 1),
(182, 'San Marino', 'SM', 'SMR', 1),
(183, 'Sao Tome and Principe', 'ST', 'STP', 1),
(184, 'Saudi Arabia', 'SA', 'SAU', 1),
(185, 'Senegal', 'SN', 'SEN', 1),
(186, 'Seychelles', 'SC', 'SYC', 1),
(187, 'Sierra Leone', 'SL', 'SLE', 1),
(188, 'Singapore', 'SG', 'SGP', 4),
(189, 'Slovakia (Slovak Republic)', 'SK', 'SVK', 1),
(190, 'Slovenia', 'SI', 'SVN', 1),
(191, 'Solomon Islands', 'SB', 'SLB', 1),
(192, 'Somalia', 'SO', 'SOM', 1),
(193, 'South Africa', 'ZA', 'ZAF', 1),
(194, 'South Georgia and the South Sandwich Islands', 'GS', 'SGS', 1),
(195, 'Spain', 'ES', 'ESP', 3),
(196, 'Sri Lanka', 'LK', 'LKA', 1),
(197, 'St. Helena', 'SH', 'SHN', 1),
(198, 'St. Pierre and Miquelon', 'PM', 'SPM', 1),
(199, 'Sudan', 'SD', 'SDN', 1),
(200, 'Suriname', 'SR', 'SUR', 1),
(201, 'Svalbard and Jan Mayen Islands', 'SJ', 'SJM', 1),
(202, 'Swaziland', 'SZ', 'SWZ', 1),
(203, 'Sweden', 'SE', 'SWE', 1),
(204, 'Switzerland', 'CH', 'CHE', 1),
(205, 'Syrian Arab Republic', 'SY', 'SYR', 1),
(206, 'Taiwan', 'TW', 'TWN', 1),
(207, 'Tajikistan', 'TJ', 'TJK', 1),
(208, 'Tanzania, United Republic of', 'TZ', 'TZA', 1),
(209, 'Thailand', 'TH', 'THA', 1),
(210, 'Togo', 'TG', 'TGO', 1),
(211, 'Tokelau', 'TK', 'TKL', 1),
(212, 'Tonga', 'TO', 'TON', 1),
(213, 'Trinidad and Tobago', 'TT', 'TTO', 1),
(214, 'Tunisia', 'TN', 'TUN', 1),
(215, 'Turkey', 'TR', 'TUR', 1),
(216, 'Turkmenistan', 'TM', 'TKM', 1),
(217, 'Turks and Caicos Islands', 'TC', 'TCA', 1),
(218, 'Tuvalu', 'TV', 'TUV', 1),
(219, 'Uganda', 'UG', 'UGA', 1),
(220, 'Ukraine', 'UA', 'UKR', 1),
(221, 'United Arab Emirates', 'AE', 'ARE', 1),
(222, 'United Kingdom', 'GB', 'GBR', 1),
(223, 'United States', 'US', 'USA', 2),
(224, 'United States Minor Outlying Islands', 'UM', 'UMI', 1),
(225, 'Uruguay', 'UY', 'URY', 1),
(226, 'Uzbekistan', 'UZ', 'UZB', 1),
(227, 'Vanuatu', 'VU', 'VUT', 1),
(228, 'Vatican City State (Holy See)', 'VA', 'VAT', 1),
(229, 'Venezuela', 'VE', 'VEN', 1),
(230, 'Viet Nam', 'VN', 'VNM', 1),
(231, 'Virgin Islands (British)', 'VG', 'VGB', 1),
(232, 'Virgin Islands (U.S.)', 'VI', 'VIR', 1),
(233, 'Wallis and Futuna Islands', 'WF', 'WLF', 1),
(234, 'Western Sahara', 'EH', 'ESH', 1),
(235, 'Yemen', 'YE', 'YEM', 1),
(236, 'Yugoslavia', 'YU', 'YUG', 1),
(237, 'Zaire', 'ZR', 'ZAR', 1),
(238, 'Zambia', 'ZM', 'ZMB', 1),
(239, 'Zimbabwe', 'ZW', 'ZWE', 1);

-- --------------------------------------------------------

-- 
-- Структура на таблица `currencies`
-- 

CREATE TABLE `currencies` (
  `currencies_id` int(11) NOT NULL auto_increment,
  `title` varchar(32) collate latin1_general_ci NOT NULL,
  `code` char(3) collate latin1_general_ci NOT NULL,
  `symbol_left` varchar(12) collate latin1_general_ci default NULL,
  `symbol_right` varchar(12) collate latin1_general_ci default NULL,
  `decimal_point` char(1) collate latin1_general_ci default NULL,
  `thousands_point` char(1) collate latin1_general_ci default NULL,
  `decimal_places` char(1) collate latin1_general_ci default NULL,
  `value` float(13,8) default NULL,
  `last_updated` datetime default NULL,
  PRIMARY KEY  (`currencies_id`)
) ENGINE=MyISAM DEFAULT CHARSET=latin1 COLLATE=latin1_general_ci AUTO_INCREMENT=3 ;

-- 
-- Дъмп (схема) на данните в таблицата `currencies`
-- 

INSERT INTO `currencies` (`currencies_id`, `title`, `code`, `symbol_left`, `symbol_right`, `decimal_point`, `thousands_point`, `decimal_places`, `value`, `last_updated`) VALUES (2, 'Euro', 'EUR', '', 'EUR', '.', ',', '2', 1.00000000, '2006-06-04 14:29:49');

-- --------------------------------------------------------

-- 
-- Структура на таблица `customers`
-- 

CREATE TABLE `customers` (
  `customers_id` int(11) NOT NULL auto_increment,
  `customers_gender` char(1) collate latin1_general_ci NOT NULL,
  `customers_firstname` varchar(32) collate latin1_general_ci NOT NULL,
  `customers_lastname` varchar(32) collate latin1_general_ci NOT NULL,
  `customers_dob` datetime NOT NULL default '0000-00-00 00:00:00',
  `customers_email_address` varchar(96) collate latin1_general_ci NOT NULL,
  `customers_default_address_id` int(11) default NULL,
  `customers_telephone` varchar(32) collate latin1_general_ci NOT NULL,
  `customers_fax` varchar(32) collate latin1_general_ci default NULL,
  `customers_password` varchar(40) collate latin1_general_ci NOT NULL,
  `customers_newsletter` char(1) collate latin1_general_ci default NULL,
  PRIMARY KEY  (`customers_id`)
) ENGINE=MyISAM DEFAULT CHARSET=latin1 COLLATE=latin1_general_ci AUTO_INCREMENT=4 ;

-- 
-- Дъмп (схема) на данните в таблицата `customers`
-- 

INSERT INTO `customers` (`customers_id`, `customers_gender`, `customers_firstname`, `customers_lastname`, `customers_dob`, `customers_email_address`, `customers_default_address_id`, `customers_telephone`, `customers_fax`, `customers_password`, `customers_newsletter`) VALUES (1, 'm', 'John', 'doe', '2001-01-01 00:00:00', 'root@localhost', 1, '12345', '', 'd95e8fa7f20a009372eb3477473fcd34:1c', '0'),
(2, 'f', 'Poli', 'Gospodinova', '1983-05-18 00:00:00', 'bambuchka@gmail.com', 2, '017890879787', '', '3b69a631fa5bbe7c16566eb5dcc9cd0a:b1', ''),
(3, 'm', 'sac', 'sad', '2000-12-12 00:00:00', 'acidrat@mailinator.com', 3, '12321321', '123', '49de64bc675bdd50c6ce8e0405668a1a:38', '1');

-- --------------------------------------------------------

-- 
-- Структура на таблица `customers_basket`
-- 

CREATE TABLE `customers_basket` (
  `customers_basket_id` int(11) NOT NULL auto_increment,
  `customers_id` int(11) NOT NULL,
  `products_id` tinytext collate latin1_general_ci NOT NULL,
  `customers_basket_quantity` int(2) NOT NULL,
  `final_price` decimal(15,4) default NULL,
  `customers_basket_date_added` char(8) collate latin1_general_ci default NULL,
  PRIMARY KEY  (`customers_basket_id`)
) ENGINE=MyISAM DEFAULT CHARSET=latin1 COLLATE=latin1_general_ci AUTO_INCREMENT=4 ;

-- 
-- Дъмп (схема) на данните в таблицата `customers_basket`
-- 

INSERT INTO `customers_basket` (`customers_basket_id`, `customers_id`, `products_id`, `customers_basket_quantity`, `final_price`, `customers_basket_date_added`) VALUES (3, 3, '32', 1, NULL, '20060611');

-- --------------------------------------------------------

-- 
-- Структура на таблица `customers_basket_attributes`
-- 

CREATE TABLE `customers_basket_attributes` (
  `customers_basket_attributes_id` int(11) NOT NULL auto_increment,
  `customers_id` int(11) NOT NULL,
  `products_id` tinytext collate latin1_general_ci NOT NULL,
  `products_options_id` int(11) NOT NULL,
  `products_options_value_id` int(11) NOT NULL,
  PRIMARY KEY  (`customers_basket_attributes_id`)
) ENGINE=MyISAM DEFAULT CHARSET=latin1 COLLATE=latin1_general_ci AUTO_INCREMENT=1 ;

-- 
-- Дъмп (схема) на данните в таблицата `customers_basket_attributes`
-- 


-- --------------------------------------------------------

-- 
-- Структура на таблица `customers_info`
-- 

CREATE TABLE `customers_info` (
  `customers_info_id` int(11) NOT NULL,
  `customers_info_date_of_last_logon` datetime default NULL,
  `customers_info_number_of_logons` int(5) default NULL,
  `customers_info_date_account_created` datetime default NULL,
  `customers_info_date_account_last_modified` datetime default NULL,
  `global_product_notifications` int(1) default '0',
  PRIMARY KEY  (`customers_info_id`)
) ENGINE=MyISAM DEFAULT CHARSET=latin1 COLLATE=latin1_general_ci;

-- 
-- Дъмп (схема) на данните в таблицата `customers_info`
-- 

INSERT INTO `customers_info` (`customers_info_id`, `customers_info_date_of_last_logon`, `customers_info_number_of_logons`, `customers_info_date_account_created`, `customers_info_date_account_last_modified`, `global_product_notifications`) VALUES (1, NULL, 0, '2006-06-04 14:18:40', NULL, 0),
(2, '2006-06-11 01:12:08', 2, '2006-06-11 01:05:43', NULL, 0),
(3, '2006-06-12 00:52:11', 3, '2006-06-11 22:17:49', '2006-06-11 22:45:46', 0);

-- --------------------------------------------------------

-- 
-- Структура на таблица `geo_zones`
-- 

CREATE TABLE `geo_zones` (
  `geo_zone_id` int(11) NOT NULL auto_increment,
  `geo_zone_name` varchar(32) collate latin1_general_ci NOT NULL,
  `geo_zone_description` varchar(255) collate latin1_general_ci NOT NULL,
  `last_modified` datetime default NULL,
  `date_added` datetime NOT NULL,
  PRIMARY KEY  (`geo_zone_id`)
) ENGINE=MyISAM DEFAULT CHARSET=latin1 COLLATE=latin1_general_ci AUTO_INCREMENT=2 ;

-- 
-- Дъмп (схема) на данните в таблицата `geo_zones`
-- 

INSERT INTO `geo_zones` (`geo_zone_id`, `geo_zone_name`, `geo_zone_description`, `last_modified`, `date_added`) VALUES (1, 'Florida', 'Florida local sales tax zone', NULL, '2006-06-04 14:18:41');

-- --------------------------------------------------------

-- 
-- Структура на таблица `languages`
-- 

CREATE TABLE `languages` (
  `languages_id` int(11) NOT NULL auto_increment,
  `name` varchar(32) collate latin1_general_ci NOT NULL,
  `code` char(2) collate latin1_general_ci NOT NULL,
  `image` varchar(64) collate latin1_general_ci default NULL,
  `directory` varchar(32) collate latin1_general_ci default NULL,
  `sort_order` int(3) default NULL,
  PRIMARY KEY  (`languages_id`),
  KEY `IDX_LANGUAGES_NAME` (`name`)
) ENGINE=MyISAM DEFAULT CHARSET=latin1 COLLATE=latin1_general_ci AUTO_INCREMENT=4 ;

-- 
-- Дъмп (схема) на данните в таблицата `languages`
-- 

INSERT INTO `languages` (`languages_id`, `name`, `code`, `image`, `directory`, `sort_order`) VALUES (2, 'Deutsch', 'de', 'icon.gif', 'german', 1);

-- --------------------------------------------------------

-- 
-- Структура на таблица `manufacturers`
-- 

CREATE TABLE `manufacturers` (
  `manufacturers_id` int(11) NOT NULL auto_increment,
  `manufacturers_name` varchar(32) collate latin1_general_ci NOT NULL,
  `manufacturers_image` varchar(64) collate latin1_general_ci default NULL,
  `date_added` datetime default NULL,
  `last_modified` datetime default NULL,
  PRIMARY KEY  (`manufacturers_id`),
  KEY `IDX_MANUFACTURERS_NAME` (`manufacturers_name`)
) ENGINE=MyISAM DEFAULT CHARSET=latin1 COLLATE=latin1_general_ci AUTO_INCREMENT=10 ;

-- 
-- Дъмп (схема) на данните в таблицата `manufacturers`
-- 

INSERT INTO `manufacturers` (`manufacturers_id`, `manufacturers_name`, `manufacturers_image`, `date_added`, `last_modified`) VALUES (1, 'Matrox', 'manufacturer_matrox.gif', '2006-06-04 14:18:40', NULL),
(2, 'Microsoft', 'manufacturer_microsoft.gif', '2006-06-04 14:18:40', NULL),
(3, 'Warner', 'manufacturer_warner.gif', '2006-06-04 14:18:40', NULL),
(4, 'Fox', 'manufacturer_fox.gif', '2006-06-04 14:18:40', NULL),
(5, 'Logitech', 'manufacturer_logitech.gif', '2006-06-04 14:18:40', NULL),
(6, 'Canon', 'manufacturer_canon.gif', '2006-06-04 14:18:40', NULL),
(7, 'Sierra', 'manufacturer_sierra.gif', '2006-06-04 14:18:40', NULL),
(8, 'GT Interactive', 'manufacturer_gt_interactive.gif', '2006-06-04 14:18:40', NULL),
(9, 'Hewlett Packard', 'manufacturer_hewlett_packard.gif', '2006-06-04 14:18:40', NULL);

-- --------------------------------------------------------

-- 
-- Структура на таблица `manufacturers_info`
-- 

CREATE TABLE `manufacturers_info` (
  `manufacturers_id` int(11) NOT NULL,
  `languages_id` int(11) NOT NULL,
  `manufacturers_url` varchar(255) collate latin1_general_ci NOT NULL,
  `url_clicked` int(5) NOT NULL default '0',
  `date_last_click` datetime default NULL,
  PRIMARY KEY  (`manufacturers_id`,`languages_id`)
) ENGINE=MyISAM DEFAULT CHARSET=latin1 COLLATE=latin1_general_ci;

-- 
-- Дъмп (схема) на данните в таблицата `manufacturers_info`
-- 

INSERT INTO `manufacturers_info` (`manufacturers_id`, `languages_id`, `manufacturers_url`, `url_clicked`, `date_last_click`) VALUES (1, 2, 'http://www.matrox.de', 0, NULL),
(2, 2, 'http://www.microsoft.de', 0, NULL),
(3, 2, 'http://www.warner.de', 0, NULL),
(4, 2, 'http://www.fox.de', 0, NULL),
(5, 2, 'http://www.logitech.com', 0, NULL),
(6, 2, 'http://www.canon.de', 0, NULL),
(7, 2, 'http://www.sierra.de', 0, NULL),
(8, 2, 'http://www.infogrames.de', 0, NULL),
(9, 2, 'http://www.hewlettpackard.de', 0, NULL);

-- --------------------------------------------------------

-- 
-- Структура на таблица `newsletters`
-- 

CREATE TABLE `newsletters` (
  `newsletters_id` int(11) NOT NULL auto_increment,
  `title` varchar(255) collate latin1_general_ci NOT NULL,
  `content` text collate latin1_general_ci NOT NULL,
  `module` varchar(255) collate latin1_general_ci NOT NULL,
  `date_added` datetime NOT NULL,
  `date_sent` datetime default NULL,
  `status` int(1) default NULL,
  `locked` int(1) default '0',
  PRIMARY KEY  (`newsletters_id`)
) ENGINE=MyISAM DEFAULT CHARSET=latin1 COLLATE=latin1_general_ci AUTO_INCREMENT=1 ;

-- 
-- Дъмп (схема) на данните в таблицата `newsletters`
-- 


-- --------------------------------------------------------

-- 
-- Структура на таблица `orders`
-- 

CREATE TABLE `orders` (
  `orders_id` int(11) NOT NULL auto_increment,
  `customers_id` int(11) NOT NULL,
  `customers_name` varchar(64) collate latin1_general_ci NOT NULL,
  `customers_company` varchar(32) collate latin1_general_ci default NULL,
  `customers_street_address` varchar(64) collate latin1_general_ci NOT NULL,
  `customers_suburb` varchar(32) collate latin1_general_ci default NULL,
  `customers_city` varchar(32) collate latin1_general_ci NOT NULL,
  `customers_postcode` varchar(10) collate latin1_general_ci NOT NULL,
  `customers_state` varchar(32) collate latin1_general_ci default NULL,
  `customers_country` varchar(32) collate latin1_general_ci NOT NULL,
  `customers_telephone` varchar(32) collate latin1_general_ci NOT NULL,
  `customers_email_address` varchar(96) collate latin1_general_ci NOT NULL,
  `customers_address_format_id` int(5) NOT NULL,
  `delivery_name` varchar(64) collate latin1_general_ci NOT NULL,
  `delivery_company` varchar(32) collate latin1_general_ci default NULL,
  `delivery_street_address` varchar(64) collate latin1_general_ci NOT NULL,
  `delivery_suburb` varchar(32) collate latin1_general_ci default NULL,
  `delivery_city` varchar(32) collate latin1_general_ci NOT NULL,
  `delivery_postcode` varchar(10) collate latin1_general_ci NOT NULL,
  `delivery_state` varchar(32) collate latin1_general_ci default NULL,
  `delivery_country` varchar(32) collate latin1_general_ci NOT NULL,
  `delivery_address_format_id` int(5) NOT NULL,
  `billing_name` varchar(64) collate latin1_general_ci NOT NULL,
  `billing_company` varchar(32) collate latin1_general_ci default NULL,
  `billing_street_address` varchar(64) collate latin1_general_ci NOT NULL,
  `billing_suburb` varchar(32) collate latin1_general_ci default NULL,
  `billing_city` varchar(32) collate latin1_general_ci NOT NULL,
  `billing_postcode` varchar(10) collate latin1_general_ci NOT NULL,
  `billing_state` varchar(32) collate latin1_general_ci default NULL,
  `billing_country` varchar(32) collate latin1_general_ci NOT NULL,
  `billing_address_format_id` int(5) NOT NULL,
  `payment_method` varchar(32) collate latin1_general_ci NOT NULL,
  `cc_type` varchar(20) collate latin1_general_ci default NULL,
  `cc_owner` varchar(64) collate latin1_general_ci default NULL,
  `cc_number` varchar(32) collate latin1_general_ci default NULL,
  `cc_expires` varchar(4) collate latin1_general_ci default NULL,
  `last_modified` datetime default NULL,
  `date_purchased` datetime default NULL,
  `orders_status` int(5) NOT NULL,
  `orders_date_finished` datetime default NULL,
  `currency` char(3) collate latin1_general_ci default NULL,
  `currency_value` decimal(14,6) default NULL,
  PRIMARY KEY  (`orders_id`)
) ENGINE=MyISAM DEFAULT CHARSET=latin1 COLLATE=latin1_general_ci AUTO_INCREMENT=4 ;

-- 
-- Дъмп (схема) на данните в таблицата `orders`
-- 

INSERT INTO `orders` (`orders_id`, `customers_id`, `customers_name`, `customers_company`, `customers_street_address`, `customers_suburb`, `customers_city`, `customers_postcode`, `customers_state`, `customers_country`, `customers_telephone`, `customers_email_address`, `customers_address_format_id`, `delivery_name`, `delivery_company`, `delivery_street_address`, `delivery_suburb`, `delivery_city`, `delivery_postcode`, `delivery_state`, `delivery_country`, `delivery_address_format_id`, `billing_name`, `billing_company`, `billing_street_address`, `billing_suburb`, `billing_city`, `billing_postcode`, `billing_state`, `billing_country`, `billing_address_format_id`, `payment_method`, `cc_type`, `cc_owner`, `cc_number`, `cc_expires`, `last_modified`, `date_purchased`, `orders_status`, `orders_date_finished`, `currency`, `currency_value`) VALUES (1, 2, 'Poli Gospodinova', '', 'Frankfzrterstr.5', '', 'Würzburg', '97082', 'Bayern', 'Germany', '017890879787', 'bambuchka@gmail.com', 5, 'Poli Gospodinova', '', 'Frankfzrterstr.5', '', 'Würzburg', '97082', 'Bayern', 'Germany', 5, 'Poli Gospodinova', '', 'Frankfzrterstr.5', '', 'Würzburg', '97082', 'Bayern', 'Germany', 5, 'Nachnahme', '', '', '', '', NULL, '2006-06-11 01:07:11', 1, NULL, 'EUR', 1.000000),
(2, 2, 'Poli Gospodinova', '', 'Frankfzrterstr.5', '', 'Würzburg', '97082', 'Bayern', 'Germany', '017890879787', 'bambuchka@gmail.com', 5, 'Poli Gospodinova', '', 'Frankfzrterstr.5', '', 'Würzburg', '97082', 'Bayern', 'Germany', 5, 'Poli Gospodinova', '', 'Frankfzrterstr.5', '', 'Würzburg', '97082', 'Bayern', 'Germany', 5, 'Nachnahme', '', '', '', '', NULL, '2006-06-11 01:07:11', 1, NULL, 'EUR', 1.000000),
(3, 2, 'Poli Gospodinova', '', 'Frankfzrterstr.5', '', 'Würzburg', '97082', 'Bayern', 'Germany', '017890879787', 'bambuchka@gmail.com', 5, 'Poli Gospodinova', '', 'Frankfzrterstr.5', '', 'Würzburg', '97082', 'Bayern', 'Germany', 5, 'Poli Gospodinova', '', 'Frankfzrterstr.5', '', 'Würzburg', '97082', 'Bayern', 'Germany', 5, 'Nachnahme', '', '', '', '', NULL, '2006-06-11 01:12:25', 1, NULL, 'EUR', 1.000000);

-- --------------------------------------------------------

-- 
-- Структура на таблица `orders_products`
-- 

CREATE TABLE `orders_products` (
  `orders_products_id` int(11) NOT NULL auto_increment,
  `orders_id` int(11) NOT NULL,
  `products_id` int(11) NOT NULL,
  `products_model` varchar(12) collate latin1_general_ci default NULL,
  `products_name` varchar(64) collate latin1_general_ci NOT NULL,
  `products_price` decimal(15,4) NOT NULL,
  `final_price` decimal(15,4) NOT NULL,
  `products_tax` decimal(7,4) NOT NULL,
  `products_quantity` int(2) NOT NULL,
  PRIMARY KEY  (`orders_products_id`)
) ENGINE=MyISAM DEFAULT CHARSET=latin1 COLLATE=latin1_general_ci AUTO_INCREMENT=4 ;

-- 
-- Дъмп (схема) на данните в таблицата `orders_products`
-- 

INSERT INTO `orders_products` (`orders_products_id`, `orders_id`, `products_id`, `products_model`, `products_name`, `products_price`, `final_price`, `products_tax`, `products_quantity`) VALUES (1, 1, 29, '', 'Mavrud Starata izba, Purvenetz 2004', 6.9500, 6.9500, 0.0000, 1),
(2, 2, 29, '', 'Mavrud Starata izba, Purvenetz 2004', 6.9500, 6.9500, 0.0000, 1),
(3, 3, 29, '', 'Mavrud Starata izba, Purvenetz 2004', 6.9500, 6.9500, 0.0000, 1);

-- --------------------------------------------------------

-- 
-- Структура на таблица `orders_products_attributes`
-- 

CREATE TABLE `orders_products_attributes` (
  `orders_products_attributes_id` int(11) NOT NULL auto_increment,
  `orders_id` int(11) NOT NULL,
  `orders_products_id` int(11) NOT NULL,
  `products_options` varchar(32) collate latin1_general_ci NOT NULL,
  `products_options_values` varchar(32) collate latin1_general_ci NOT NULL,
  `options_values_price` decimal(15,4) NOT NULL,
  `price_prefix` char(1) collate latin1_general_ci NOT NULL,
  PRIMARY KEY  (`orders_products_attributes_id`)
) ENGINE=MyISAM DEFAULT CHARSET=latin1 COLLATE=latin1_general_ci AUTO_INCREMENT=1 ;

-- 
-- Дъмп (схема) на данните в таблицата `orders_products_attributes`
-- 


-- --------------------------------------------------------

-- 
-- Структура на таблица `orders_products_download`
-- 

CREATE TABLE `orders_products_download` (
  `orders_products_download_id` int(11) NOT NULL auto_increment,
  `orders_id` int(11) NOT NULL default '0',
  `orders_products_id` int(11) NOT NULL default '0',
  `orders_products_filename` varchar(255) collate latin1_general_ci NOT NULL default '',
  `download_maxdays` int(2) NOT NULL default '0',
  `download_count` int(2) NOT NULL default '0',
  PRIMARY KEY  (`orders_products_download_id`)
) ENGINE=MyISAM DEFAULT CHARSET=latin1 COLLATE=latin1_general_ci AUTO_INCREMENT=1 ;

-- 
-- Дъмп (схема) на данните в таблицата `orders_products_download`
-- 


-- --------------------------------------------------------

-- 
-- Структура на таблица `orders_status`
-- 

CREATE TABLE `orders_status` (
  `orders_status_id` int(11) NOT NULL default '0',
  `language_id` int(11) NOT NULL default '1',
  `orders_status_name` varchar(32) collate latin1_general_ci NOT NULL,
  PRIMARY KEY  (`orders_status_id`,`language_id`),
  KEY `idx_orders_status_name` (`orders_status_name`)
) ENGINE=MyISAM DEFAULT CHARSET=latin1 COLLATE=latin1_general_ci;

-- 
-- Дъмп (схема) на данните в таблицата `orders_status`
-- 

INSERT INTO `orders_status` (`orders_status_id`, `language_id`, `orders_status_name`) VALUES (1, 2, 'Offen'),
(2, 2, 'In Bearbeitung'),
(3, 2, 'Versendet');

-- --------------------------------------------------------

-- 
-- Структура на таблица `orders_status_history`
-- 

CREATE TABLE `orders_status_history` (
  `orders_status_history_id` int(11) NOT NULL auto_increment,
  `orders_id` int(11) NOT NULL,
  `orders_status_id` int(5) NOT NULL,
  `date_added` datetime NOT NULL,
  `customer_notified` int(1) default '0',
  `comments` text collate latin1_general_ci,
  PRIMARY KEY  (`orders_status_history_id`)
) ENGINE=MyISAM DEFAULT CHARSET=latin1 COLLATE=latin1_general_ci AUTO_INCREMENT=4 ;

-- 
-- Дъмп (схема) на данните в таблицата `orders_status_history`
-- 

INSERT INTO `orders_status_history` (`orders_status_history_id`, `orders_id`, `orders_status_id`, `date_added`, `customer_notified`, `comments`) VALUES (1, 1, 1, '2006-06-11 01:07:11', 1, ''),
(2, 2, 1, '2006-06-11 01:07:11', 1, ''),
(3, 3, 1, '2006-06-11 01:12:25', 1, '');

-- --------------------------------------------------------

-- 
-- Структура на таблица `orders_total`
-- 

CREATE TABLE `orders_total` (
  `orders_total_id` int(10) unsigned NOT NULL auto_increment,
  `orders_id` int(11) NOT NULL,
  `title` varchar(255) collate latin1_general_ci NOT NULL,
  `text` varchar(255) collate latin1_general_ci NOT NULL,
  `value` decimal(15,4) NOT NULL,
  `class` varchar(32) collate latin1_general_ci NOT NULL,
  `sort_order` int(11) NOT NULL,
  PRIMARY KEY  (`orders_total_id`),
  KEY `idx_orders_total_orders_id` (`orders_id`)
) ENGINE=MyISAM DEFAULT CHARSET=latin1 COLLATE=latin1_general_ci AUTO_INCREMENT=10 ;

-- 
-- Дъмп (схема) на данните в таблицата `orders_total`
-- 

INSERT INTO `orders_total` (`orders_total_id`, `orders_id`, `title`, `text`, `value`, `class`, `sort_order`) VALUES (1, 2, 'Zwischensumme:', '6.95EUR', 6.9500, 'ot_subtotal', 1),
(2, 1, 'Zwischensumme:', '6.95EUR', 6.9500, 'ot_subtotal', 1),
(3, 1, 'Pauschale Versandkosten ():', '5.00EUR', 5.0000, 'ot_shipping', 2),
(4, 2, 'Pauschale Versandkosten ():', '5.00EUR', 5.0000, 'ot_shipping', 2),
(5, 1, '<b>Summe</b>:', '<b>11.95EUR</b>', 11.9500, 'ot_total', 4),
(6, 2, '<b>Summe</b>:', '<b>11.95EUR</b>', 11.9500, 'ot_total', 4),
(7, 3, 'Zwischensumme:', '6.95EUR', 6.9500, 'ot_subtotal', 1),
(8, 3, 'Pauschale Versandkosten ():', '5.00EUR', 5.0000, 'ot_shipping', 2),
(9, 3, '<b>Summe</b>:', '<b>11.95EUR</b>', 11.9500, 'ot_total', 4);

-- --------------------------------------------------------

-- 
-- Структура на таблица `products`
-- 

CREATE TABLE `products` (
  `products_id` int(11) NOT NULL auto_increment,
  `products_quantity` int(4) NOT NULL,
  `products_model` varchar(12) collate latin1_general_ci default NULL,
  `products_image` varchar(64) collate latin1_general_ci default NULL,
  `products_price` decimal(15,4) NOT NULL,
  `products_date_added` datetime NOT NULL,
  `products_last_modified` datetime default NULL,
  `products_date_available` datetime default NULL,
  `products_weight` decimal(5,2) NOT NULL,
  `products_status` tinyint(1) NOT NULL,
  `products_tax_class_id` int(11) NOT NULL,
  `manufacturers_id` int(11) default NULL,
  `products_ordered` int(11) NOT NULL default '0',
  PRIMARY KEY  (`products_id`),
  KEY `idx_products_date_added` (`products_date_added`)
) ENGINE=MyISAM DEFAULT CHARSET=latin1 COLLATE=latin1_general_ci AUTO_INCREMENT=34 ;

-- 
-- Дъмп (схема) на данните в таблицата `products`
-- 

INSERT INTO `products` (`products_id`, `products_quantity`, `products_model`, `products_image`, `products_price`, `products_date_added`, `products_last_modified`, `products_date_available`, `products_weight`, `products_status`, `products_tax_class_id`, `manufacturers_id`, `products_ordered`) VALUES (28, 1, '', 'MerlotReserve.jpg', 7.3000, '2006-06-05 19:52:06', '2006-06-11 20:04:49', NULL, 0.00, 1, 0, 0, 0),
(29, 1000, '', 'mavrud_categorie.jpg', 6.9500, '2006-06-05 19:58:52', '2006-06-11 21:45:47', NULL, 0.00, 1, 0, 0, 3),
(30, 1, '', 'cab_sav_kategorie.jpg', 7.3000, '2006-06-05 20:02:30', '2006-06-11 15:01:53', NULL, 0.00, 1, 0, 0, 0),
(31, 1, '', 'cab_sav_reserve.jpg', 7.3000, '2006-06-05 20:04:29', '2006-06-11 14:47:09', NULL, 0.00, 1, 0, 0, 0),
(32, 1, '', 'merlot_aoc.jpg', 8.5000, '2006-06-05 20:10:01', '2006-06-11 20:01:51', NULL, 0.00, 1, 0, 0, 0),
(33, 1, '', 'tamianka_cat.jpg', 6.7000, '2006-06-05 20:10:29', '2006-06-11 14:58:31', NULL, 0.00, 1, 0, 0, 0);

-- --------------------------------------------------------

-- 
-- Структура на таблица `products_attributes`
-- 

CREATE TABLE `products_attributes` (
  `products_attributes_id` int(11) NOT NULL auto_increment,
  `products_id` int(11) NOT NULL,
  `options_id` int(11) NOT NULL,
  `options_values_id` int(11) NOT NULL,
  `options_values_price` decimal(15,4) NOT NULL,
  `price_prefix` char(1) collate latin1_general_ci NOT NULL,
  PRIMARY KEY  (`products_attributes_id`)
) ENGINE=MyISAM DEFAULT CHARSET=latin1 COLLATE=latin1_general_ci AUTO_INCREMENT=28 ;

-- 
-- Дъмп (схема) на данните в таблицата `products_attributes`
-- 


-- --------------------------------------------------------

-- 
-- Структура на таблица `products_attributes_download`
-- 

CREATE TABLE `products_attributes_download` (
  `products_attributes_id` int(11) NOT NULL,
  `products_attributes_filename` varchar(255) collate latin1_general_ci NOT NULL default '',
  `products_attributes_maxdays` int(2) default '0',
  `products_attributes_maxcount` int(2) default '0',
  PRIMARY KEY  (`products_attributes_id`)
) ENGINE=MyISAM DEFAULT CHARSET=latin1 COLLATE=latin1_general_ci;

-- 
-- Дъмп (схема) на данните в таблицата `products_attributes_download`
-- 

INSERT INTO `products_attributes_download` (`products_attributes_id`, `products_attributes_filename`, `products_attributes_maxdays`, `products_attributes_maxcount`) VALUES (26, 'unreal.zip', 7, 3);

-- --------------------------------------------------------

-- 
-- Структура на таблица `products_description`
-- 

CREATE TABLE `products_description` (
  `products_id` int(11) NOT NULL auto_increment,
  `language_id` int(11) NOT NULL default '1',
  `products_name` varchar(64) collate latin1_general_ci NOT NULL default '',
  `products_description` text collate latin1_general_ci,
  `products_url` varchar(255) collate latin1_general_ci default NULL,
  `products_viewed` int(5) default '0',
  PRIMARY KEY  (`products_id`,`language_id`),
  KEY `products_name` (`products_name`)
) ENGINE=MyISAM DEFAULT CHARSET=latin1 COLLATE=latin1_general_ci AUTO_INCREMENT=34 ;

-- 
-- Дъмп (схема) на данните в таблицата `products_description`
-- 

INSERT INTO `products_description` (`products_id`, `language_id`, `products_name`, `products_description`, `products_url`, `products_viewed`) VALUES (28, 2, 'Merlot Stambolovo Reserve 2003', 'Dieser reinsortige Merlot aus dem Jahrgang 2003, der mit der unglaublichen Wärme in Erinnerung kommt und infolge  dessen der beste Jahrgang in den letzten Jahren war, wurde aus handgelesenen und sehr sorgfältig selektierten Weintrauben gemeistert. Er ist in Barriques  aus amerikanischer Eiche mindestens 8 Monate gereift, mit anschließendem Flaschenausbau.  Dieser exzellente Merlot  berührt den Weinkenner im ersten Augenblick mit einer intensiven, rubinroten und glänzenden Farbe. Dann besticht er mit einem hervorragendem Bukett aus Waldfrüchten, Pflaumen, eine Prise Rauch, Zedernholz und  Eichenholztönungen. Im Geschmack sehr vielfältig und komplex., mit einer runden, zarten, samtigen Tanninstruktur und einem angenehmen langen Finale. Ein warmer Wein aus dem Raum des südlichen Stambolovo. Ein Genuss für die Sinne. Lagerungspotential: mindestens noch 5 Jahre.\r\n<br><br><b> Beschreibung:</b> Trocken <br><b>Trinktemperatur:</b> 16 – 18 &deg; C<br> <b>Alkoholgehalt:</b> 12,0 % Vol. <br><b>Inhalt:</b> 0,75 Liter', '', 22),
(29, 2, 'Mavrud Starata izba, Purvenetz 2004', 'Genießen Sie diesen reinsortigen und rassigen  Rotwein, der aus 19 Jahre alten Rebstöcken gemeistert wurde. Ein Wein, der ein hervorragendes Muster des typischen Mavruds  verkörpert: Funkelnde, rubinrote Farbe, die Nase: ein feines, bezauberndes Mavrudaroma . Man spürt mit allen Sinnen  Brombeeren, gebrannten Zucker, Apfel und einen fruchtigen Akzent. Der Geschmack ist leicht strukturiert. Mit seinem  Abgang mit deutlich erkennbaren  Fruchtnuancen beweist er das Potential dieser rein bulgarischen  Sorte mit langer Geschichte und Tradition.\r\n<br><br>\r\n<b>Beschreibung:</b> Trocken<br>\r\n<b>Trinktemperatur:</b> 16 – 18 °C<br>\r\n<b>Alkoholgehalt:</b> 12,0 % Vol.<br>\r\n<b>Inhalt:</b> 0,75 Liter<br>', '', 73),
(30, 2, 'Cabernet Sauvignon Starata izba, Purvenetz 2003', 'Von diesem aus handgelesenen Weintrauben produzierten Cabernet Sauvignon gibt es in der Welt nur 5276 Liter. Der meisterhaft geschaffene Cabernet Sauvignon erfreut die Augen mit seiner glänzenden, dichten, dunkelroten Farbe. Im feinen Bukett spürt der Weingenießer Heidelbeeren, Brombeeren und hauchdünne Tönungen von Kakao und Vanille. Der Geschmack ist gut balanciert, hat einen runden , samtigen Körper. Das Finale ist schön lang.\r\n<br><br>\r\n<b>Beschreibung:</b> Trocken <br><b>Trinktemperatur:</b> 10 – 12 &deg; C<br><b>Alkoholgehalt:</b> 11,5 % Vol. <br><b>Inhalt:</b> 0,75 Liter', '', 14),
(31, 2, 'Cabernet Sauvignon Reserve Stambolovo 2003', 'Eine reinrassige Cabernet Sauvignon Reserve aus dem phänomenalen Jahrgang 2003, aus sorgfältig ausgewählten, handgelesenen Weintrauben bester Qualität. Mindestens 8 Monate lang in Barriques aus amerikanischer Eiche  ausgebaut und anschließend in der Flasche gelagert. Eine überwältigende, explosive Nase: Heidelbeeren, Johannisbeeren, Schokolade, zarte Vanille- und Eichenholznoten, ein wirklich facettenreicher, ergreifender  Duft. Dieser Cabernet  Sauvignon kommt mit seiner Tanninstruktur des Körpers , satten Fruchttiefe des Geschmacks  und seinem  lang in Erinnerung bleibenden Finale bemerkenswert groß heraus. Sehr gutes Lagerungspotential für mindestens noch 5 Jahre.<br><br>\r\n\r\n<b>Beschreibung:</b> Trocken<br>\r\n<b>Trinktemperatur:</b> 16 – 18 °C<br>\r\n<b>Alkoholgehalt:</b> 12,0 % Vol.<br>\r\n<b>Inhalt:</b> 0,75 Liter', '', 23),
(32, 2, 'Merlot aus Stambolovo (AOC) 2003', 'Der Jahrgang 2003 zeichnet sich durch sehr gute Klimabedingungen im Thrakiatal aus: Ein milder Winter und ein sehr warmer Sommer, die dazu führten, dass die Trauben maximal reifen konnten, so dass der Zuckergehalt in den aus 30-jährigen  Rebstöcken handgelesenen  Beeren auch maximale Werte zeigen konnte. Das ist die natürlichste Voraussetzung für das hervorragend gelungene Vinifizieren dieses Merlots mit kontrolliertem Herkunftsnamen (AOC). Der Weinkenner sieht eine volle, rubinrote Farbe,  entdeckt ein reiches, komplexes Aroma von Himbeeren, kandierten Früchten, feinen Minzetönungen, dezenten Schokoladeneinklängen und schönen Eichenholznoten. Dieses Meisterwerk südlicher Hände, Weinphilosophie und Terroirs aus sehr aufmerksam per Hand selektierten Weintrauben aus Stambolovo beweist seine edle und einzigartige Klasse durch einen runden, samtigen Körper, kaum spürbare herbe Finesse und ein wirklich sehr langes, angenehmes Finale.  Um den Stil des Merlot aus Stambolovo zu erhalten, wurde er auf traditionelle Technologie vinifiziert. Er genoss einen 12monatigen Ausbau in Eichenfässern aus amerikanischer Eiche und anschließend eine mehrmonatige Flaschenlagerung. Das Lagerpotential dieses außergewöhnlichen Jahrgangs beträgt noch mindestens 5 Jahre.\r\n\r\n<br><br><b> Beschreibung:</b> Trocken<br> <b>Trinktemperatur:</b> 16 – 18 &deg; C<br> <b>Alkoholgehalt:</b> 12,5 % Vol. <br><b>Inhalt:</b> 0,75 Liter', '', 48),
(33, 2, 'Tamianka Stambolovo', 'Ein exzellenter Weißwein aus den einzigartigen  exklusiv selektierten  Tamianka.-Trauben. Dieser trockenen Weinüberraschung wurde durch eine lange kalte Fermentation beeindruckende Fruchtfrische mit intensiven Muskatnoten verliehen. Das feine Aroma und der frische, dynamische Geschmack sind wunderbar balanciert. Es folgt ein  sehr angenehmes Finish. Ein hervorragender Begleiter für warme Sommerabende und mehr.<br><br>\r\n<b>Beschreibung:</b> Trocken <br><b>Trinktemperatur:</b> 10 – 12 &deg; C<br> <b>Alkoholgehalt:</b> 11,5 % Vol. <br><b>Inhalt:</b> 0,75 Liter', '', 17);

-- --------------------------------------------------------

-- 
-- Структура на таблица `products_notifications`
-- 

CREATE TABLE `products_notifications` (
  `products_id` int(11) NOT NULL,
  `customers_id` int(11) NOT NULL,
  `date_added` datetime NOT NULL,
  PRIMARY KEY  (`products_id`,`customers_id`)
) ENGINE=MyISAM DEFAULT CHARSET=latin1 COLLATE=latin1_general_ci;

-- 
-- Дъмп (схема) на данните в таблицата `products_notifications`
-- 


-- --------------------------------------------------------

-- 
-- Структура на таблица `products_options`
-- 

CREATE TABLE `products_options` (
  `products_options_id` int(11) NOT NULL default '0',
  `language_id` int(11) NOT NULL default '1',
  `products_options_name` varchar(32) collate latin1_general_ci NOT NULL default '',
  PRIMARY KEY  (`products_options_id`,`language_id`)
) ENGINE=MyISAM DEFAULT CHARSET=latin1 COLLATE=latin1_general_ci;

-- 
-- Дъмп (схема) на данните в таблицата `products_options`
-- 

INSERT INTO `products_options` (`products_options_id`, `language_id`, `products_options_name`) VALUES (1, 2, 'Farbe'),
(2, 2, 'Größe'),
(3, 2, 'Modell'),
(4, 2, 'Speicher'),
(5, 2, 'Version');

-- --------------------------------------------------------

-- 
-- Структура на таблица `products_options_values`
-- 

CREATE TABLE `products_options_values` (
  `products_options_values_id` int(11) NOT NULL default '0',
  `language_id` int(11) NOT NULL default '1',
  `products_options_values_name` varchar(64) collate latin1_general_ci NOT NULL default '',
  PRIMARY KEY  (`products_options_values_id`,`language_id`)
) ENGINE=MyISAM DEFAULT CHARSET=latin1 COLLATE=latin1_general_ci;

-- 
-- Дъмп (схема) на данните в таблицата `products_options_values`
-- 

INSERT INTO `products_options_values` (`products_options_values_id`, `language_id`, `products_options_values_name`) VALUES (1, 2, '4 MB'),
(2, 2, '8 MB'),
(3, 2, '16 MB'),
(4, 2, '32 MB'),
(5, 2, 'Value Ausgabe'),
(6, 2, 'Premium Ausgabe'),
(7, 2, 'Deluxe Ausgabe'),
(8, 2, 'PS/2 Anschluss'),
(9, 2, 'USB Anschluss'),
(10, 2, 'Download: Windows - Englisch'),
(13, 2, 'Box: Windows - Englisch');

-- --------------------------------------------------------

-- 
-- Структура на таблица `products_options_values_to_products_options`
-- 

CREATE TABLE `products_options_values_to_products_options` (
  `products_options_values_to_products_options_id` int(11) NOT NULL auto_increment,
  `products_options_id` int(11) NOT NULL,
  `products_options_values_id` int(11) NOT NULL,
  PRIMARY KEY  (`products_options_values_to_products_options_id`)
) ENGINE=MyISAM DEFAULT CHARSET=latin1 COLLATE=latin1_general_ci AUTO_INCREMENT=14 ;

-- 
-- Дъмп (схема) на данните в таблицата `products_options_values_to_products_options`
-- 

INSERT INTO `products_options_values_to_products_options` (`products_options_values_to_products_options_id`, `products_options_id`, `products_options_values_id`) VALUES (1, 4, 1),
(2, 4, 2),
(3, 4, 3),
(4, 4, 4),
(5, 3, 5),
(6, 3, 6),
(7, 3, 7),
(8, 3, 8),
(9, 3, 9),
(10, 5, 10),
(13, 5, 13);

-- --------------------------------------------------------

-- 
-- Структура на таблица `products_to_categories`
-- 

CREATE TABLE `products_to_categories` (
  `products_id` int(11) NOT NULL,
  `categories_id` int(11) NOT NULL,
  PRIMARY KEY  (`products_id`,`categories_id`)
) ENGINE=MyISAM DEFAULT CHARSET=latin1 COLLATE=latin1_general_ci;

-- 
-- Дъмп (схема) на данните в таблицата `products_to_categories`
-- 

INSERT INTO `products_to_categories` (`products_id`, `categories_id`) VALUES (28, 21),
(29, 22),
(30, 23),
(31, 24),
(32, 25),
(33, 26);

-- --------------------------------------------------------

-- 
-- Структура на таблица `reviews`
-- 

CREATE TABLE `reviews` (
  `reviews_id` int(11) NOT NULL auto_increment,
  `products_id` int(11) NOT NULL,
  `customers_id` int(11) default NULL,
  `customers_name` varchar(64) collate latin1_general_ci NOT NULL,
  `reviews_rating` int(1) default NULL,
  `date_added` datetime default NULL,
  `last_modified` datetime default NULL,
  `reviews_read` int(5) NOT NULL default '0',
  PRIMARY KEY  (`reviews_id`)
) ENGINE=MyISAM DEFAULT CHARSET=latin1 COLLATE=latin1_general_ci AUTO_INCREMENT=2 ;

-- 
-- Дъмп (схема) на данните в таблицата `reviews`
-- 


-- --------------------------------------------------------

-- 
-- Структура на таблица `reviews_description`
-- 

CREATE TABLE `reviews_description` (
  `reviews_id` int(11) NOT NULL,
  `languages_id` int(11) NOT NULL,
  `reviews_text` text collate latin1_general_ci NOT NULL,
  PRIMARY KEY  (`reviews_id`,`languages_id`)
) ENGINE=MyISAM DEFAULT CHARSET=latin1 COLLATE=latin1_general_ci;

-- 
-- Дъмп (схема) на данните в таблицата `reviews_description`
-- 


-- --------------------------------------------------------

-- 
-- Структура на таблица `sessions`
-- 

CREATE TABLE `sessions` (
  `sesskey` varchar(32) collate latin1_general_ci NOT NULL,
  `expiry` int(11) unsigned NOT NULL,
  `value` text collate latin1_general_ci NOT NULL,
  PRIMARY KEY  (`sesskey`)
) ENGINE=MyISAM DEFAULT CHARSET=latin1 COLLATE=latin1_general_ci;

-- 
-- Дъмп (схема) на данните в таблицата `sessions`
-- 

INSERT INTO `sessions` (`sesskey`, `expiry`, `value`) VALUES ('5b70a2446ca821b705bf1d109ad543ba', 1150115565, 'cart|O:12:"shoppingCart":5:{s:8:"contents";a:0:{}s:5:"total";i:0;s:6:"weight";i:0;s:6:"cartID";N;s:12:"content_type";b:0;}language|s:6:"german";languages_id|s:1:"2";currency|s:3:"EUR";navigation|O:17:"navigationHistory":2:{s:4:"path";a:8:{i:0;a:4:{s:4:"page";s:9:"index.php";s:4:"mode";s:6:"NONSSL";s:3:"get";a:0:{}s:4:"post";a:0:{}}i:1;a:4:{s:4:"page";s:16:"product_info.php";s:4:"mode";s:6:"NONSSL";s:3:"get";a:2:{s:6:"osCsid";s:32:"5b70a2446ca821b705bf1d109ad543ba";s:11:"products_id";s:2:"33";}s:4:"post";a:0:{}}i:2;a:4:{s:4:"page";s:13:"weinkunde.php";s:4:"mode";s:6:"NONSSL";s:3:"get";a:1:{s:6:"osCsid";s:32:"5b70a2446ca821b705bf1d109ad543ba";}s:4:"post";a:0:{}}i:3;a:4:{s:4:"page";s:21:"terroir_parvenetz.php";s:4:"mode";s:6:"NONSSL";s:3:"get";a:1:{s:6:"osCsid";s:32:"5b70a2446ca821b705bf1d109ad543ba";}s:4:"post";a:0:{}}i:4;a:4:{s:4:"page";s:13:"impressum.php";s:4:"mode";s:6:"NONSSL";s:3:"get";a:1:{s:6:"osCsid";s:32:"5b70a2446ca821b705bf1d109ad543ba";}s:4:"post";a:0:{}}i:5;a:4:{s:4:"page";s:17:"shopping_cart.php";s:4:"mode";s:6:"NONSSL";s:3:"get";a:1:{s:6:"osCsid";s:32:"5b70a2446ca821b705bf1d109ad543ba";}s:4:"post";a:0:{}}i:6;a:4:{s:4:"page";s:21:"checkout_shipping.php";s:4:"mode";s:6:"NONSSL";s:3:"get";a:1:{s:6:"osCsid";s:32:"5b70a2446ca821b705bf1d109ad543ba";}s:4:"post";a:0:{}}i:7;a:4:{s:4:"page";s:9:"login.php";s:4:"mode";s:6:"NONSSL";s:3:"get";a:1:{s:6:"osCsid";s:32:"5b70a2446ca821b705bf1d109ad543ba";}s:4:"post";a:0:{}}}s:8:"snapshot";a:4:{s:4:"page";s:21:"checkout_shipping.php";s:4:"mode";s:6:"NONSSL";s:3:"get";a:1:{s:6:"osCsid";s:32:"5b70a2446ca821b705bf1d109ad543ba";}s:4:"post";a:0:{}}}'),
('2672c43dfdcbb36b67d5de4a78d2244e', 1150067751, 'cart|O:12:"shoppingCart":5:{s:8:"contents";a:0:{}s:5:"total";i:0;s:6:"weight";i:0;s:6:"cartID";N;s:12:"content_type";b:0;}language|s:6:"german";languages_id|s:1:"2";currency|s:3:"EUR";navigation|O:17:"navigationHistory":2:{s:4:"path";a:2:{i:0;a:4:{s:4:"page";s:13:"impressum.php";s:4:"mode";s:6:"NONSSL";s:3:"get";a:1:{s:6:"osCsid";s:32:"2672c43dfdcbb36b67d5de4a78d2244e";}s:4:"post";a:0:{}}i:1;a:4:{s:4:"page";s:11:"privacy.php";s:4:"mode";s:6:"NONSSL";s:3:"get";a:1:{s:6:"osCsid";s:32:"2672c43dfdcbb36b67d5de4a78d2244e";}s:4:"post";a:0:{}}}s:8:"snapshot";a:0:{}}'),
('174299ccfbd344fa616d6f0a553b1101', 1150067859, 'cart|O:12:"shoppingCart":5:{s:8:"contents";a:1:{i:32;a:1:{s:3:"qty";s:1:"1";}}s:5:"total";d:6.5;s:6:"weight";d:0;s:6:"cartID";N;s:12:"content_type";b:0;}language|s:6:"german";languages_id|s:1:"2";currency|s:3:"EUR";navigation|O:17:"navigationHistory":2:{s:4:"path";a:4:{i:0;a:4:{s:4:"page";s:9:"index.php";s:4:"mode";s:6:"NONSSL";s:3:"get";a:0:{}s:4:"post";a:0:{}}i:1;a:4:{s:4:"page";s:17:"shopping_cart.php";s:4:"mode";s:6:"NONSSL";s:3:"get";a:1:{s:6:"osCsid";s:32:"174299ccfbd344fa616d6f0a553b1101";}s:4:"post";a:0:{}}i:2;a:4:{s:4:"page";s:11:"account.php";s:4:"mode";s:6:"NONSSL";s:3:"get";a:1:{s:6:"osCsid";s:32:"174299ccfbd344fa616d6f0a553b1101";}s:4:"post";a:0:{}}i:3;a:4:{s:4:"page";s:19:"account_history.php";s:4:"mode";s:6:"NONSSL";s:3:"get";a:1:{s:6:"osCsid";s:32:"174299ccfbd344fa616d6f0a553b1101";}s:4:"post";a:0:{}}}s:8:"snapshot";a:0:{}}customer_id|s:1:"3";customer_default_address_id|s:1:"3";customer_first_name|s:3:"sac";customer_country_id|s:2:"81";customer_zone_id|s:2:"81";'),
('a7bc8a9b95e006bb6818d7dab15b4d1a', 1150067011, 'cart|O:12:"shoppingCart":5:{s:8:"contents";a:1:{i:32;a:1:{s:3:"qty";s:1:"1";}}s:5:"total";d:6.5;s:6:"weight";d:0;s:6:"cartID";N;s:12:"content_type";s:8:"physical";}language|s:6:"german";languages_id|s:1:"2";currency|s:3:"EUR";navigation|O:17:"navigationHistory":2:{s:4:"path";a:9:{i:0;a:4:{s:4:"page";s:9:"index.php";s:4:"mode";s:6:"NONSSL";s:3:"get";a:0:{}s:4:"post";a:0:{}}i:1;a:4:{s:4:"page";s:11:"account.php";s:4:"mode";s:6:"NONSSL";s:3:"get";a:1:{s:6:"osCsid";s:32:"a7bc8a9b95e006bb6818d7dab15b4d1a";}s:4:"post";a:0:{}}i:2;a:4:{s:4:"page";s:16:"address_book.php";s:4:"mode";s:6:"NONSSL";s:3:"get";a:1:{s:6:"osCsid";s:32:"a7bc8a9b95e006bb6818d7dab15b4d1a";}s:4:"post";a:0:{}}i:3;a:4:{s:4:"page";s:17:"shopping_cart.php";s:4:"mode";s:6:"NONSSL";s:3:"get";a:1:{s:6:"osCsid";s:32:"a7bc8a9b95e006bb6818d7dab15b4d1a";}s:4:"post";a:0:{}}i:4;a:4:{s:4:"page";s:21:"checkout_shipping.php";s:4:"mode";s:6:"NONSSL";s:3:"get";a:1:{s:6:"osCsid";s:32:"a7bc8a9b95e006bb6818d7dab15b4d1a";}s:4:"post";a:3:{s:6:"action";s:7:"process";s:8:"shipping";s:9:"flat_flat";s:8:"comments";s:0:"";}}i:5;a:4:{s:4:"page";s:20:"checkout_payment.php";s:4:"mode";s:6:"NONSSL";s:3:"get";a:1:{s:6:"osCsid";s:32:"a7bc8a9b95e006bb6818d7dab15b4d1a";}s:4:"post";a:0:{}}i:6;a:4:{s:4:"page";s:25:"checkout_confirmation.php";s:4:"mode";s:6:"NONSSL";s:3:"get";a:1:{s:6:"osCsid";s:32:"a7bc8a9b95e006bb6818d7dab15b4d1a";}s:4:"post";a:2:{s:7:"payment";s:10:"moneyorder";s:8:"comments";s:0:"";}}i:7;a:4:{s:4:"page";s:14:"contact_us.php";s:4:"mode";s:6:"NONSSL";s:3:"get";a:1:{s:6:"osCsid";s:32:"a7bc8a9b95e006bb6818d7dab15b4d1a";}s:4:"post";a:0:{}}i:8;a:4:{s:4:"page";s:14:"conditions.php";s:4:"mode";s:6:"NONSSL";s:3:"get";a:1:{s:6:"osCsid";s:32:"a7bc8a9b95e006bb6818d7dab15b4d1a";}s:4:"post";a:0:{}}}s:8:"snapshot";a:0:{}}customer_id|s:1:"3";customer_default_address_id|i:3;customer_first_name|s:3:"sac";customer_country_id|s:2:"81";customer_zone_id|i:81;sendto|i:4;cartID|N;comments|s:0:"";shipping|a:3:{s:2:"id";s:9:"flat_flat";s:5:"title";s:26:"Pauschale Versandkosten ()";s:4:"cost";s:4:"6.90";}billto|s:1:"5";payment|s:10:"moneyorder";'),
('9eba1439b0ef1b4ca32b171969ee35a4', 1150067132, 'cart|O:12:"shoppingCart":5:{s:8:"contents";a:0:{}s:5:"total";i:0;s:6:"weight";i:0;s:6:"cartID";N;s:12:"content_type";b:0;}language|s:6:"german";languages_id|s:1:"2";currency|s:3:"EUR";navigation|O:17:"navigationHistory":2:{s:4:"path";a:2:{i:0;a:4:{s:4:"page";s:13:"impressum.php";s:4:"mode";s:6:"NONSSL";s:3:"get";a:0:{}s:4:"post";a:0:{}}i:1;a:4:{s:4:"page";s:12:"shipping.php";s:4:"mode";s:6:"NONSSL";s:3:"get";a:1:{s:6:"osCsid";s:32:"9eba1439b0ef1b4ca32b171969ee35a4";}s:4:"post";a:0:{}}}s:8:"snapshot";a:0:{}}'),
('ac84e8a78a6abb1ba41ae8b8c5ba0a32', 1150067342, 'language|s:6:"german";languages_id|s:1:"2";selected_box|s:7:"modules";');

-- --------------------------------------------------------

-- 
-- Структура на таблица `specials`
-- 

CREATE TABLE `specials` (
  `specials_id` int(11) NOT NULL auto_increment,
  `products_id` int(11) NOT NULL,
  `specials_new_products_price` decimal(15,4) NOT NULL,
  `specials_date_added` datetime default NULL,
  `specials_last_modified` datetime default NULL,
  `expires_date` datetime default NULL,
  `date_status_change` datetime default NULL,
  `status` int(1) NOT NULL default '1',
  PRIMARY KEY  (`specials_id`)
) ENGINE=MyISAM DEFAULT CHARSET=latin1 COLLATE=latin1_general_ci AUTO_INCREMENT=6 ;

-- 
-- Дъмп (схема) на данните в таблицата `specials`
-- 

INSERT INTO `specials` (`specials_id`, `products_id`, `specials_new_products_price`, `specials_date_added`, `specials_last_modified`, `expires_date`, `date_status_change`, `status`) VALUES (5, 32, 6.5000, '2006-06-05 23:15:43', '2006-06-11 20:02:58', '2006-06-30 00:00:00', NULL, 1);

-- --------------------------------------------------------

-- 
-- Структура на таблица `tax_class`
-- 

CREATE TABLE `tax_class` (
  `tax_class_id` int(11) NOT NULL auto_increment,
  `tax_class_title` varchar(32) collate latin1_general_ci NOT NULL,
  `tax_class_description` varchar(255) collate latin1_general_ci NOT NULL,
  `last_modified` datetime default NULL,
  `date_added` datetime NOT NULL,
  PRIMARY KEY  (`tax_class_id`)
) ENGINE=MyISAM DEFAULT CHARSET=latin1 COLLATE=latin1_general_ci AUTO_INCREMENT=2 ;

-- 
-- Дъмп (схема) на данните в таблицата `tax_class`
-- 

INSERT INTO `tax_class` (`tax_class_id`, `tax_class_title`, `tax_class_description`, `last_modified`, `date_added`) VALUES (1, 'Taxable Goods', 'The following types of products are included non-food, services, etc', '2006-06-04 14:18:41', '2006-06-04 14:18:41');

-- --------------------------------------------------------

-- 
-- Структура на таблица `tax_rates`
-- 

CREATE TABLE `tax_rates` (
  `tax_rates_id` int(11) NOT NULL auto_increment,
  `tax_zone_id` int(11) NOT NULL,
  `tax_class_id` int(11) NOT NULL,
  `tax_priority` int(5) default '1',
  `tax_rate` decimal(7,4) NOT NULL,
  `tax_description` varchar(255) collate latin1_general_ci NOT NULL,
  `last_modified` datetime default NULL,
  `date_added` datetime NOT NULL,
  PRIMARY KEY  (`tax_rates_id`)
) ENGINE=MyISAM DEFAULT CHARSET=latin1 COLLATE=latin1_general_ci AUTO_INCREMENT=2 ;

-- 
-- Дъмп (схема) на данните в таблицата `tax_rates`
-- 

INSERT INTO `tax_rates` (`tax_rates_id`, `tax_zone_id`, `tax_class_id`, `tax_priority`, `tax_rate`, `tax_description`, `last_modified`, `date_added`) VALUES (1, 1, 1, 1, 7.0000, 'FL TAX 7.0%', '2006-06-04 14:18:41', '2006-06-04 14:18:41');

-- --------------------------------------------------------

-- 
-- Структура на таблица `whos_online`
-- 

CREATE TABLE `whos_online` (
  `customer_id` int(11) default NULL,
  `full_name` varchar(64) collate latin1_general_ci NOT NULL,
  `session_id` varchar(128) collate latin1_general_ci NOT NULL,
  `ip_address` varchar(15) collate latin1_general_ci NOT NULL,
  `time_entry` varchar(14) collate latin1_general_ci NOT NULL,
  `time_last_click` varchar(14) collate latin1_general_ci NOT NULL,
  `last_page_url` varchar(255) collate latin1_general_ci NOT NULL
) ENGINE=MyISAM DEFAULT CHARSET=latin1 COLLATE=latin1_general_ci;

-- 
-- Дъмп (схема) на данните в таблицата `whos_online`
-- 

INSERT INTO `whos_online` (`customer_id`, `full_name`, `session_id`, `ip_address`, `time_entry`, `time_last_click`, `last_page_url`) VALUES (0, 'Guest', '5b70a2446ca821b705bf1d109ad543ba', '127.0.0.1', '1150114016', '1150114125', '/shop/login.php?osCsid=5b70a2446ca821b705bf1d109ad543ba');

-- --------------------------------------------------------

-- 
-- Структура на таблица `zones`
-- 

CREATE TABLE `zones` (
  `zone_id` int(11) NOT NULL auto_increment,
  `zone_country_id` int(11) NOT NULL,
  `zone_code` varchar(32) collate latin1_general_ci NOT NULL,
  `zone_name` varchar(32) collate latin1_general_ci NOT NULL,
  PRIMARY KEY  (`zone_id`)
) ENGINE=MyISAM DEFAULT CHARSET=latin1 COLLATE=latin1_general_ci AUTO_INCREMENT=182 ;

-- 
-- Дъмп (схема) на данните в таблицата `zones`
-- 

INSERT INTO `zones` (`zone_id`, `zone_country_id`, `zone_code`, `zone_name`) VALUES (1, 223, 'AL', 'Alabama'),
(2, 223, 'AK', 'Alaska'),
(3, 223, 'AS', 'American Samoa'),
(4, 223, 'AZ', 'Arizona'),
(5, 223, 'AR', 'Arkansas'),
(6, 223, 'AF', 'Armed Forces Africa'),
(7, 223, 'AA', 'Armed Forces Americas'),
(8, 223, 'AC', 'Armed Forces Canada'),
(9, 223, 'AE', 'Armed Forces Europe'),
(10, 223, 'AM', 'Armed Forces Middle East'),
(11, 223, 'AP', 'Armed Forces Pacific'),
(12, 223, 'CA', 'California'),
(13, 223, 'CO', 'Colorado'),
(14, 223, 'CT', 'Connecticut'),
(15, 223, 'DE', 'Delaware'),
(16, 223, 'DC', 'District of Columbia'),
(17, 223, 'FM', 'Federated States Of Micronesia'),
(18, 223, 'FL', 'Florida'),
(19, 223, 'GA', 'Georgia'),
(20, 223, 'GU', 'Guam'),
(21, 223, 'HI', 'Hawaii'),
(22, 223, 'ID', 'Idaho'),
(23, 223, 'IL', 'Illinois'),
(24, 223, 'IN', 'Indiana'),
(25, 223, 'IA', 'Iowa'),
(26, 223, 'KS', 'Kansas'),
(27, 223, 'KY', 'Kentucky'),
(28, 223, 'LA', 'Louisiana'),
(29, 223, 'ME', 'Maine'),
(30, 223, 'MH', 'Marshall Islands'),
(31, 223, 'MD', 'Maryland'),
(32, 223, 'MA', 'Massachusetts'),
(33, 223, 'MI', 'Michigan'),
(34, 223, 'MN', 'Minnesota'),
(35, 223, 'MS', 'Mississippi'),
(36, 223, 'MO', 'Missouri'),
(37, 223, 'MT', 'Montana'),
(38, 223, 'NE', 'Nebraska'),
(39, 223, 'NV', 'Nevada'),
(40, 223, 'NH', 'New Hampshire'),
(41, 223, 'NJ', 'New Jersey'),
(42, 223, 'NM', 'New Mexico'),
(43, 223, 'NY', 'New York'),
(44, 223, 'NC', 'North Carolina'),
(45, 223, 'ND', 'North Dakota'),
(46, 223, 'MP', 'Northern Mariana Islands'),
(47, 223, 'OH', 'Ohio'),
(48, 223, 'OK', 'Oklahoma'),
(49, 223, 'OR', 'Oregon'),
(50, 223, 'PW', 'Palau'),
(51, 223, 'PA', 'Pennsylvania'),
(52, 223, 'PR', 'Puerto Rico'),
(53, 223, 'RI', 'Rhode Island'),
(54, 223, 'SC', 'South Carolina'),
(55, 223, 'SD', 'South Dakota'),
(56, 223, 'TN', 'Tennessee'),
(57, 223, 'TX', 'Texas'),
(58, 223, 'UT', 'Utah'),
(59, 223, 'VT', 'Vermont'),
(60, 223, 'VI', 'Virgin Islands'),
(61, 223, 'VA', 'Virginia'),
(62, 223, 'WA', 'Washington'),
(63, 223, 'WV', 'West Virginia'),
(64, 223, 'WI', 'Wisconsin'),
(65, 223, 'WY', 'Wyoming'),
(66, 38, 'AB', 'Alberta'),
(67, 38, 'BC', 'British Columbia'),
(68, 38, 'MB', 'Manitoba'),
(69, 38, 'NF', 'Newfoundland'),
(70, 38, 'NB', 'New Brunswick'),
(71, 38, 'NS', 'Nova Scotia'),
(72, 38, 'NT', 'Northwest Territories'),
(73, 38, 'NU', 'Nunavut'),
(74, 38, 'ON', 'Ontario'),
(75, 38, 'PE', 'Prince Edward Island'),
(76, 38, 'QC', 'Quebec'),
(77, 38, 'SK', 'Saskatchewan'),
(78, 38, 'YT', 'Yukon Territory'),
(79, 81, 'NDS', 'Niedersachsen'),
(80, 81, 'BAW', 'Baden-Württemberg'),
(81, 81, 'BAY', 'Bayern'),
(82, 81, 'BER', 'Berlin'),
(83, 81, 'BRG', 'Brandenburg'),
(84, 81, 'BRE', 'Bremen'),
(85, 81, 'HAM', 'Hamburg'),
(86, 81, 'HES', 'Hessen'),
(87, 81, 'MEC', 'Mecklenburg-Vorpommern'),
(88, 81, 'NRW', 'Nordrhein-Westfalen'),
(89, 81, 'RHE', 'Rheinland-Pfalz'),
(90, 81, 'SAR', 'Saarland'),
(91, 81, 'SAS', 'Sachsen'),
(92, 81, 'SAC', 'Sachsen-Anhalt'),
(93, 81, 'SCN', 'Schleswig-Holstein'),
(94, 81, 'THE', 'Thüringen'),
(95, 14, 'WI', 'Wien'),
(96, 14, 'NO', 'Niederösterreich'),
(97, 14, 'OO', 'Oberösterreich'),
(98, 14, 'SB', 'Salzburg'),
(99, 14, 'KN', 'Kärnten'),
(100, 14, 'ST', 'Steiermark'),
(101, 14, 'TI', 'Tirol'),
(102, 14, 'BL', 'Burgenland'),
(103, 14, 'VB', 'Voralberg'),
(104, 204, 'AG', 'Aargau'),
(105, 204, 'AI', 'Appenzell Innerrhoden'),
(106, 204, 'AR', 'Appenzell Ausserrhoden'),
(107, 204, 'BE', 'Bern'),
(108, 204, 'BL', 'Basel-Landschaft'),
(109, 204, 'BS', 'Basel-Stadt'),
(110, 204, 'FR', 'Freiburg'),
(111, 204, 'GE', 'Genf'),
(112, 204, 'GL', 'Glarus'),
(113, 204, 'JU', 'Graubünden'),
(114, 204, 'JU', 'Jura'),
(115, 204, 'LU', 'Luzern'),
(116, 204, 'NE', 'Neuenburg'),
(117, 204, 'NW', 'Nidwalden'),
(118, 204, 'OW', 'Obwalden'),
(119, 204, 'SG', 'St. Gallen'),
(120, 204, 'SH', 'Schaffhausen'),
(121, 204, 'SO', 'Solothurn'),
(122, 204, 'SZ', 'Schwyz'),
(123, 204, 'TG', 'Thurgau'),
(124, 204, 'TI', 'Tessin'),
(125, 204, 'UR', 'Uri'),
(126, 204, 'VD', 'Waadt'),
(127, 204, 'VS', 'Wallis'),
(128, 204, 'ZG', 'Zug'),
(129, 204, 'ZH', 'Zürich'),
(130, 195, 'A Coruña', 'A Coruña'),
(131, 195, 'Alava', 'Alava'),
(132, 195, 'Albacete', 'Albacete'),
(133, 195, 'Alicante', 'Alicante'),
(134, 195, 'Almeria', 'Almeria'),
(135, 195, 'Asturias', 'Asturias'),
(136, 195, 'Avila', 'Avila'),
(137, 195, 'Badajoz', 'Badajoz'),
(138, 195, 'Baleares', 'Baleares'),
(139, 195, 'Barcelona', 'Barcelona'),
(140, 195, 'Burgos', 'Burgos'),
(141, 195, 'Caceres', 'Caceres'),
(142, 195, 'Cadiz', 'Cadiz'),
(143, 195, 'Cantabria', 'Cantabria'),
(144, 195, 'Castellon', 'Castellon'),
(145, 195, 'Ceuta', 'Ceuta'),
(146, 195, 'Ciudad Real', 'Ciudad Real'),
(147, 195, 'Cordoba', 'Cordoba'),
(148, 195, 'Cuenca', 'Cuenca'),
(149, 195, 'Girona', 'Girona'),
(150, 195, 'Granada', 'Granada'),
(151, 195, 'Guadalajara', 'Guadalajara'),
(152, 195, 'Guipuzcoa', 'Guipuzcoa'),
(153, 195, 'Huelva', 'Huelva'),
(154, 195, 'Huesca', 'Huesca'),
(155, 195, 'Jaen', 'Jaen'),
(156, 195, 'La Rioja', 'La Rioja'),
(157, 195, 'Las Palmas', 'Las Palmas'),
(158, 195, 'Leon', 'Leon'),
(159, 195, 'Lleida', 'Lleida'),
(160, 195, 'Lugo', 'Lugo'),
(161, 195, 'Madrid', 'Madrid'),
(162, 195, 'Malaga', 'Malaga'),
(163, 195, 'Melilla', 'Melilla'),
(164, 195, 'Murcia', 'Murcia'),
(165, 195, 'Navarra', 'Navarra'),
(166, 195, 'Ourense', 'Ourense'),
(167, 195, 'Palencia', 'Palencia'),
(168, 195, 'Pontevedra', 'Pontevedra'),
(169, 195, 'Salamanca', 'Salamanca'),
(170, 195, 'Santa Cruz de Tenerife', 'Santa Cruz de Tenerife'),
(171, 195, 'Segovia', 'Segovia'),
(172, 195, 'Sevilla', 'Sevilla'),
(173, 195, 'Soria', 'Soria'),
(174, 195, 'Tarragona', 'Tarragona'),
(175, 195, 'Teruel', 'Teruel'),
(176, 195, 'Toledo', 'Toledo'),
(177, 195, 'Valencia', 'Valencia'),
(178, 195, 'Valladolid', 'Valladolid'),
(179, 195, 'Vizcaya', 'Vizcaya'),
(180, 195, 'Zamora', 'Zamora'),
(181, 195, 'Zaragoza', 'Zaragoza');

-- --------------------------------------------------------

-- 
-- Структура на таблица `zones_to_geo_zones`
-- 

CREATE TABLE `zones_to_geo_zones` (
  `association_id` int(11) NOT NULL auto_increment,
  `zone_country_id` int(11) NOT NULL,
  `zone_id` int(11) default NULL,
  `geo_zone_id` int(11) default NULL,
  `last_modified` datetime default NULL,
  `date_added` datetime NOT NULL,
  PRIMARY KEY  (`association_id`)
) ENGINE=MyISAM DEFAULT CHARSET=latin1 COLLATE=latin1_general_ci AUTO_INCREMENT=2 ;

-- 
-- Дъмп (схема) на данните в таблицата `zones_to_geo_zones`
-- 

INSERT INTO `zones_to_geo_zones` (`association_id`, `zone_country_id`, `zone_id`, `geo_zone_id`, `last_modified`, `date_added`) VALUES (1, 223, 18, 1, NULL, '2006-06-04 14:18:41');
